-- https://www.phpmyadmin.net/
--

START TRANSACTION;



--
-- Database: `restaurant`
--
CREATE DATABASE IF NOT EXISTS `restaurant` DEFAULT CHARACTER SET utf8mb4 COLLATE utf8mb4_general_ci;
USE `restaurant`;

-- --------------------------------------------------------

--
-- Table structure for table `categories`
--

CREATE TABLE IF NOT EXISTS `categories` (
  `id` int(11) UNSIGNED NOT NULL AUTO_INCREMENT,
  `category_name` varchar(255) DEFAULT NULL,
  `created_at` datetime DEFAULT NULL,
  `updated_at` datetime DEFAULT NULL,
  PRIMARY KEY (`id`)
) ENGINE=InnoDB AUTO_INCREMENT=46 DEFAULT CHARSET=utf8mb4 COLLATE=utf8mb4_general_ci;

--
-- RELATIONSHIPS FOR TABLE `categories`:
--

--
-- Dumping data for table `categories`
--

INSERT INTO `categories` (`id`, `category_name`, `created_at`, `updated_at`) VALUES
(1, 'Lunch', '2025-09-24 10:24:17', '2025-09-30 16:11:32'),
(2, 'breakfast', '2025-09-24 10:24:17', '2025-09-24 10:25:34'),
(41, 'barbeque', '2025-09-25 05:38:20', '2025-09-25 05:38:20'),
(43, 'drinks', '2025-09-25 12:19:17', '2025-09-25 12:19:17'),
(44, 'desserts', '2025-09-29 10:14:37', '2025-09-29 10:14:37'),
(45, 'specials', '2025-09-29 19:29:05', '2025-09-29 19:29:05');

-- --------------------------------------------------------

--
-- Table structure for table `failed_jobs`
--

CREATE TABLE IF NOT EXISTS `failed_jobs` (
  `id` bigint(20) UNSIGNED NOT NULL AUTO_INCREMENT,
  `uuid` varchar(255) NOT NULL,
  `connection` text NOT NULL,
  `queue` text NOT NULL,
  `payload` longtext NOT NULL,
  `exception` longtext NOT NULL,
  `failed_at` timestamp NOT NULL DEFAULT current_timestamp(),
  PRIMARY KEY (`id`),
  UNIQUE KEY `failed_jobs_uuid_unique` (`uuid`)
) ENGINE=InnoDB DEFAULT CHARSET=utf8mb4 COLLATE=utf8mb4_unicode_ci;

--
-- RELATIONSHIPS FOR TABLE `failed_jobs`:
--

-- --------------------------------------------------------

--
-- Table structure for table `migrations`
--

CREATE TABLE IF NOT EXISTS `migrations` (
  `id` int(10) UNSIGNED NOT NULL AUTO_INCREMENT,
  `migration` varchar(255) NOT NULL,
  `batch` int(11) NOT NULL,
  PRIMARY KEY (`id`)
) ENGINE=InnoDB AUTO_INCREMENT=5 DEFAULT CHARSET=utf8mb4 COLLATE=utf8mb4_unicode_ci;

--
-- RELATIONSHIPS FOR TABLE `migrations`:
--

--
-- Dumping data for table `migrations`
--

INSERT INTO `migrations` (`id`, `migration`, `batch`) VALUES
(1, '2014_10_12_000000_create_users_table', 1),
(2, '2014_10_12_100000_create_password_reset_tokens_table', 1),
(3, '2019_08_19_000000_create_failed_jobs_table', 1),
(4, '2019_12_14_000001_create_personal_access_tokens_table', 1);

--
-- RELATIONSHIPS FOR TABLE `personal_access_tokens`:
--

-- --------------------------------------------------------

--
-- Table structure for table `products`
--

CREATE TABLE IF NOT EXISTS `products` (
  `id` int(15) UNSIGNED NOT NULL AUTO_INCREMENT,
  `category_id` varchar(255) DEFAULT NULL,
  `product_name` varchar(255) DEFAULT NULL,
  `stock` varchar(255) NOT NULL DEFAULT '0',
  `purchase_price` varchar(255) NOT NULL DEFAULT '0',
  `selling_price` varchar(255) NOT NULL DEFAULT '0',
  `created_at` datetime DEFAULT NULL,
  `updated_at` datetime DEFAULT NULL,
  PRIMARY KEY (`id`)
) ENGINE=InnoDB AUTO_INCREMENT=14 DEFAULT CHARSET=utf8mb4 COLLATE=utf8mb4_general_ci;

--
-- RELATIONSHIPS FOR TABLE `products`:
--

--
-- Dumping data for table `products`
--

INSERT INTO `products` (`id`, `category_id`, `product_name`, `stock`, `purchase_price`, `selling_price`, `created_at`, `updated_at`) VALUES
(2, '1', 'wali kuku', '5', '7000', '11000', '2025-09-25 05:45:46', '2025-09-25 12:29:40'),
(3, '1', 'makange kuku', '6', '10000', '14000', '2025-09-25 12:18:09', '2025-09-25 12:18:09'),
(4, '2', 'andazi', '7', '600', '1000', '2025-09-25 12:18:45', '2025-09-29 19:26:48'),
(6, '2', 'chapati', '34', '1000', '2000', '2025-09-25 12:23:41', '2025-09-25 12:23:41'),
(7, '2', 'kalimati', '23', '300', '500', '2025-09-25 12:26:53', '2025-09-25 12:26:53'),
(8, '1', 'ugali samaki', '12', '8000', '15000', '2025-09-25 12:27:45', '2025-09-25 12:27:45'),
(9, '1', 'wali nyama', '43', '10000', '14000', '2025-09-25 12:33:44', '2025-09-25 12:33:44'),
(10, '1', 'ugali maharage', '12', '4000', '6000', '2025-09-26 16:27:19', '2025-09-26 16:27:19'),
(11, '41', 'foil mbuzi', '23', '7000', '10000', '2025-09-29 10:16:21', '2025-09-29 10:16:21'),
(12, '2', 'egg chop', '23', '1000', '2000', '2025-09-29 19:27:29', '2025-09-29 19:27:29'),
(13, '2', 'sausage', '67', '1000', '3000', '2025-10-03 19:46:02', '2025-10-03 19:46:02');

-- --------------------------------------------------------

--
-- Table structure for table `sales`
--

CREATE TABLE IF NOT EXISTS `sales` (
  `id` bigint(20) UNSIGNED NOT NULL AUTO_INCREMENT,
  `waiter_id` bigint(20) UNSIGNED NOT NULL,
  `cashier_id` bigint(20) UNSIGNED DEFAULT NULL,
  `status` enum('pending','verified') NOT NULL DEFAULT 'pending',
  `payment_type` varchar(11) NOT NULL DEFAULT '0',
  `subtotal` varchar(255) NOT NULL DEFAULT '0',
  `tax` varchar(255) NOT NULL DEFAULT '0',
  `total` decimal(12,2) NOT NULL,
  `created_at` timestamp NULL DEFAULT current_timestamp(),
  `updated_at` timestamp NULL DEFAULT current_timestamp() ON UPDATE current_timestamp(),
  PRIMARY KEY (`id`),
  KEY `fk_sales_waiter` (`waiter_id`),
  KEY `fk_sales_cashier` (`cashier_id`)
) ENGINE=InnoDB AUTO_INCREMENT=246 DEFAULT CHARSET=utf8mb4 COLLATE=utf8mb4_unicode_ci;

--
-- RELATIONSHIPS FOR TABLE `sales`:
--   `cashier_id`
--       `users` -> `id`
--   `waiter_id`
--       `users` -> `id`
--

--
-- Dumping data for table `sales`
--

INSERT INTO `sales` (`id`, `waiter_id`, `cashier_id`, `status`, `payment_type`, `subtotal`, `tax`, `total`, `created_at`, `updated_at`) VALUES
(1, 4, 1, 'verified', 'Cash', '12300', '2700', 15000.00, '2025-09-26 03:31:54', '2025-09-26 03:31:54'),
(2, 4, 11, 'verified', 'Cash', '3280', '720', 4000.00, '2025-09-26 04:51:05', '2025-10-03 08:59:50'),
(3, 3, 11, 'verified', 'Cash', '12300', '2700', 15000.00, '2025-09-26 04:55:15', '2025-10-03 08:59:57'),
(4, 3, 11, 'verified', 'Cash', '24600', '5400', 30000.00, '2025-09-26 05:02:20', '2025-10-03 09:00:04'),
(5, 3, 11, 'verified', 'Cash', '24600', '5400', 30000.00, '2025-09-26 05:13:52', '2025-10-03 09:00:09'),
(6, 3, 11, 'verified', 'Cash', '24600', '5400', 30000.00, '2025-09-26 05:18:18', '2025-10-03 09:00:16'),
(7, 3, 1, 'verified', 'Cash', '37720', '8280', 46000.00, '2025-09-26 05:19:36', '2025-09-26 05:19:36'),
(8, 3, 1, 'verified', 'Cash', '33620', '7380', 41000.00, '2025-09-26 05:19:56', '2025-09-26 05:19:56'),
(9, 3, 11, 'verified', 'Cash', '820', '180', 1000.00, '2025-09-26 07:04:24', '2025-10-03 09:00:21'),
(10, 3, 11, 'verified', 'Cash', '820', '180', 1000.00, '2025-09-26 07:14:36', '2025-10-03 09:00:24'),
(11, 3, 11, 'verified', 'Cash', '13120', '2880', 16000.00, '2025-09-26 07:24:46', '2025-10-03 09:00:32'),
(12, 4, 11, 'verified', 'Cash', '86510', '18990', 105500.00, '2025-09-26 10:14:18', '2025-10-03 09:00:35'),
(13, 4, 11, 'verified', 'Cash', '2870', '630', 3500.00, '2025-09-26 11:09:26', '2025-10-03 09:00:38'),
(14, 4, 1, 'verified', 'Cash', '2870', '630', 3500.00, '2025-09-26 11:09:37', '2025-09-26 11:09:37'),
(15, 4, 11, 'verified', 'Cash', '13940', '3060', 17000.00, '2025-09-26 11:09:52', '2025-10-03 09:00:41'),
(16, 3, 11, 'verified', 'Cash', '13940', '3060', 17000.00, '2025-09-26 11:13:40', '2025-10-03 09:00:43'),
(17, 3, 1, 'verified', 'Cash', '11480', '2520', 14000.00, '2025-09-26 11:14:27', '2025-09-26 11:14:27'),
(18, 3, 11, 'verified', 'Cash', '13120', '2880', 16000.00, '2025-09-26 11:14:36', '2025-10-03 09:00:46'),
(19, 3, 11, 'verified', 'Cash', '13530', '2970', 16500.00, '2025-09-26 11:20:14', '2025-10-03 09:00:54'),
(20, 3, 11, 'verified', 'Cash', '21320', '4680', 26000.00, '2025-09-26 11:53:39', '2025-10-03 09:00:56'),
(21, 3, 1, 'verified', 'Cash', '25010', '5490', 30500.00, '2025-09-26 11:59:23', '2025-09-26 11:59:23'),
(22, 3, 11, 'verified', 'Cash', '25010', '5490', 30500.00, '2025-09-26 11:59:40', '2025-10-03 09:00:59'),
(23, 4, 1, 'verified', 'Cash', '277160', '60840', 338000.00, '2025-09-26 12:02:41', '2025-09-26 12:02:41'),
(24, 4, 11, 'verified', 'Cash', '13530', '2970', 16500.00, '2025-09-26 12:11:55', '2025-10-03 09:01:01'),
(25, 4, 1, 'verified', 'Cash', '23780', '5220', 29000.00, '2025-09-26 12:13:30', '2025-09-26 12:13:30'),
(26, 3, 11, 'verified', 'Cash', '36490', '8010', 44500.00, '2025-09-26 12:16:35', '2025-10-03 09:01:04'),
(27, 3, 1, 'verified', 'Cash', '35670', '7830', 43500.00, '2025-09-26 12:16:51', '2025-09-26 12:16:51'),
(28, 4, 11, 'verified', 'Cash', '22550', '4950', 27500.00, '2025-09-26 12:17:37', '2025-10-03 09:01:06'),
(29, 4, 1, 'verified', 'Cash', '86100', '18900', 105000.00, '2025-09-26 12:18:19', '2025-09-26 12:18:19'),
(30, 3, 1, 'verified', 'Cash', '81180', '17820', 99000.00, '2025-09-26 13:24:50', '2025-09-26 13:24:50'),
(31, 4, 11, 'verified', 'Cash', '29930', '6570', 36500.00, '2025-09-26 13:28:04', '2025-10-03 09:01:10'),
(32, 4, 11, 'verified', 'Cash', '43050', '9450', 52500.00, '2025-09-26 13:33:55', '2025-10-03 09:01:12'),
(33, 4, 1, 'verified', 'Cash', '47970', '10530', 58500.00, '2025-09-26 13:34:18', '2025-09-26 13:34:18'),
(34, 3, 11, 'verified', 'Cash', '31570', '6930', 38500.00, '2025-09-26 13:40:50', '2025-10-03 09:01:15'),
(35, 3, 11, 'verified', 'Cash', '30750', '6750', 37500.00, '2025-09-26 13:43:45', '2025-10-03 09:01:17'),
(36, 3, 11, 'verified', 'Cash', '25830', '5670', 31500.00, '2025-09-26 13:44:37', '2025-10-03 09:01:19'),
(37, 4, 1, 'verified', 'Cash', '30750', '6750', 37500.00, '2025-09-26 13:45:37', '2025-09-26 13:45:37'),
(38, 4, 11, 'verified', 'Cash', '30750', '6750', 37500.00, '2025-09-26 13:46:02', '2025-10-03 09:01:21'),
(39, 4, 1, 'verified', 'Cash', '27470', '6030', 33500.00, '2025-09-26 13:48:09', '2025-09-26 13:48:09'),
(40, 4, 11, 'verified', 'Cash', '48380', '10620', 59000.00, '2025-09-26 13:48:35', '2025-10-03 09:01:25'),
(41, 3, 11, 'verified', 'Cash', '40590', '8910', 49500.00, '2025-09-26 13:49:43', '2025-10-03 09:01:28'),
(42, 4, 11, 'verified', 'Cash', '31160', '6840', 38000.00, '2025-09-26 13:50:10', '2025-10-03 09:01:30'),
(43, 4, 1, 'verified', 'Cash', '42230', '9270', 51500.00, '2025-09-26 13:50:30', '2025-09-26 13:50:30'),
(44, 4, 1, 'verified', 'Cash', '19270', '4230', 23500.00, '2025-09-26 13:52:29', '2025-09-26 13:52:29'),
(45, 4, 11, 'verified', 'Cash', '25830', '5670', 31500.00, '2025-09-26 13:53:09', '2025-10-03 09:01:32'),
(46, 4, 1, 'verified', 'Cash', '30750', '6750', 37500.00, '2025-09-27 00:17:00', '2025-09-27 00:17:00'),
(47, 4, 11, 'verified', 'Cash', '30750', '6750', 37500.00, '2025-09-27 00:19:25', '2025-10-03 09:01:35'),
(48, 4, 11, 'verified', 'Cash', '36080', '7920', 44000.00, '2025-09-27 00:23:52', '2025-10-03 09:01:38'),
(49, 4, 11, 'verified', 'Cash', '39770', '8730', 48500.00, '2025-09-27 00:30:34', '2025-10-03 09:03:15'),
(50, 4, 11, 'verified', 'Cash', '17630', '3870', 21500.00, '2025-09-27 00:31:26', '2025-10-03 09:03:18'),
(51, 4, 11, 'verified', 'Cash', '22140', '4860', 27000.00, '2025-09-27 00:38:20', '2025-10-03 09:03:21'),
(52, 4, 11, 'verified', 'Cash', '6970', '1530', 8500.00, '2025-09-27 00:42:47', '2025-10-03 09:03:23'),
(53, 3, 11, 'verified', 'Cash', '6970', '1530', 8500.00, '2025-09-27 00:46:35', '2025-10-03 09:03:25'),
(54, 3, 11, 'verified', 'Cash', '24600', '5400', 30000.00, '2025-09-27 01:44:34', '2025-10-03 09:03:27'),
(55, 3, 1, 'verified', 'Cash', '30750', '6750', 37500.00, '2025-09-27 01:45:03', '2025-09-27 01:45:03'),
(56, 3, 1, 'pending', 'Cash', '24600', '5400', 30000.00, '2025-09-27 01:46:56', '2025-09-27 01:46:56'),
(57, 3, 1, 'pending', 'Cash', '33620', '7380', 41000.00, '2025-09-27 02:02:47', '2025-09-27 02:02:47'),
(58, 3, 1, 'verified', 'Cash', '29110', '6390', 35500.00, '2025-09-27 02:04:41', '2025-09-27 02:04:41'),
(59, 4, 1, 'verified', 'Cash', '15990', '3510', 19500.00, '2025-09-27 02:05:40', '2025-09-27 02:05:40'),
(60, 4, 1, 'verified', 'Cash', '37720', '8280', 46000.00, '2025-09-27 02:06:21', '2025-09-27 02:06:21'),
(61, 4, 1, 'pending', 'Cash', '24190', '5310', 29500.00, '2025-09-27 02:10:44', '2025-09-27 02:10:44'),
(62, 3, 1, 'pending', 'Cash', '79950', '17550', 97500.00, '2025-09-27 02:18:58', '2025-09-27 02:18:58'),
(63, 4, 1, 'verified', 'Cash', '12710', '2790', 15500.00, '2025-09-27 02:42:42', '2025-09-27 02:42:42'),
(64, 4, 1, 'pending', 'Cash', '14350', '3150', 17500.00, '2025-09-27 02:45:28', '2025-09-27 02:45:28'),
(65, 3, 1, 'pending', 'Cash', '137350', '30150', 167500.00, '2025-09-27 03:31:04', '2025-09-27 03:31:04'),
(66, 3, 1, 'pending', 'Cash', '30750', '6750', 37500.00, '2025-09-27 03:58:02', '2025-09-27 03:58:02'),
(67, 4, 1, 'pending', 'Cash', '25420', '5580', 31000.00, '2025-09-27 04:06:05', '2025-09-27 04:06:05'),
(68, 4, 1, 'pending', 'Cash', '6970', '1530', 8500.00, '2025-09-27 04:13:16', '2025-09-27 04:13:16'),
(69, 3, 1, 'verified', 'Cash', '14350', '3150', 17500.00, '2025-09-27 04:25:13', '2025-09-27 04:25:13'),
(70, 3, 1, 'pending', 'Cash', '21320', '4680', 26000.00, '2025-09-27 04:33:44', '2025-09-27 04:33:44'),
(71, 3, 1, 'verified', 'Cash', '12300', '2700', 15000.00, '2025-09-27 04:34:13', '2025-09-27 04:34:13'),
(72, 3, 1, 'verified', 'Cash', '36080', '7920', 44000.00, '2025-09-27 04:34:36', '2025-09-27 04:34:36'),
(73, 3, 1, 'pending', 'Cash', '11480', '2520', 14000.00, '2025-09-27 04:35:35', '2025-09-27 04:35:35'),
(74, 4, 1, 'pending', 'Cash', '27060', '5940', 33000.00, '2025-09-27 05:00:17', '2025-09-27 05:00:17'),
(75, 4, 1, 'pending', 'Cash', '23780', '5220', 29000.00, '2025-09-27 05:17:52', '2025-09-27 05:17:52'),
(76, 4, 1, 'pending', 'Cash', '18040', '3960', 22000.00, '2025-09-27 05:19:50', '2025-09-27 05:19:50'),
(77, 4, 1, 'pending', 'Cash', '26650', '5850', 32500.00, '2025-09-27 05:21:48', '2025-09-27 05:21:48'),
(78, 4, 1, 'pending', 'Cash', '13530', '2970', 16500.00, '2025-09-27 05:24:17', '2025-09-27 05:24:17'),
(79, 4, 1, 'pending', 'Cash', '26650', '5850', 32500.00, '2025-09-27 05:27:14', '2025-09-27 05:27:14'),
(80, 3, 1, 'pending', 'Cash', '12300', '2700', 15000.00, '2025-09-27 05:28:29', '2025-09-27 05:28:29'),
(81, 3, 1, 'verified', 'Cash', '13120', '2880', 16000.00, '2025-09-27 05:29:31', '2025-09-27 05:29:31'),
(82, 4, 1, 'pending', 'Cash', '20500', '4500', 25000.00, '2025-09-27 05:31:27', '2025-09-27 05:31:27'),
(83, 4, 1, 'pending', 'Cash', '11890', '2610', 14500.00, '2025-09-27 05:32:59', '2025-09-27 05:32:59'),
(84, 4, 1, 'verified', 'Cash', '22960', '5040', 28000.00, '2025-09-27 05:40:50', '2025-09-27 05:40:50'),
(85, 4, 1, 'pending', 'Cash', '25830', '5670', 31500.00, '2025-09-27 05:40:57', '2025-09-27 05:40:57'),
(86, 3, 1, 'verified', 'Cash', '20910', '4590', 25500.00, '2025-09-27 05:41:47', '2025-09-27 05:41:47'),
(87, 4, 1, 'verified', 'Cash', '39770', '8730', 48500.00, '2025-09-27 05:42:34', '2025-09-27 05:42:34'),
(88, 4, 1, 'verified', 'Cash', '22140', '4860', 27000.00, '2025-09-27 08:50:33', '2025-09-27 08:50:33'),
(89, 4, 1, 'pending', 'Cash', '14760', '3240', 18000.00, '2025-09-28 05:01:23', '2025-09-28 05:01:23'),
(90, 3, 1, 'verified', 'Cash', '16810', '3690', 20500.00, '2025-09-28 05:38:24', '2025-09-28 05:38:24'),
(91, 3, 1, 'verified', 'Cash', '36080', '7920', 44000.00, '2025-09-28 05:38:32', '2025-09-28 05:38:32'),
(92, 3, 1, 'verified', 'Cash', '118900', '26100', 145000.00, '2025-09-28 05:38:42', '2025-09-28 05:38:42'),
(93, 3, 1, 'verified', 'Cash', '53300', '11700', 65000.00, '2025-09-28 05:38:50', '2025-09-28 05:38:50'),
(94, 3, 1, 'pending', 'Cash', '58630', '12870', 71500.00, '2025-09-28 05:59:21', '2025-09-28 05:59:21'),
(95, 3, 1, 'verified', 'Cash', '79130', '17370', 96500.00, '2025-09-28 06:32:55', '2025-09-28 06:32:55'),
(96, 3, 1, 'pending', 'Cash', '28700', '6300', 35000.00, '2025-09-28 06:33:05', '2025-09-28 06:33:05'),
(97, 3, 1, 'pending', 'Cash', '48380', '10620', 59000.00, '2025-09-28 06:33:13', '2025-09-28 06:33:13'),
(98, 4, 1, 'verified', 'Cash', '48380', '10620', 59000.00, '2025-09-28 06:46:34', '2025-09-28 06:46:34'),
(99, 4, 1, 'verified', 'Cash', '24190', '5310', 29500.00, '2025-09-28 06:46:42', '2025-09-29 14:18:58'),
(100, 4, 1, 'verified', 'Cash', '60270', '13230', 73500.00, '2025-09-28 06:46:55', '2025-09-28 06:46:55'),
(101, 3, 1, 'verified', 'Cash', '22140', '4860', 27000.00, '2025-09-28 06:47:05', '2025-09-28 06:47:05'),
(102, 4, 1, 'verified', 'Cash', '37720', '8280', 46000.00, '2025-09-28 11:06:01', '2025-09-28 11:06:01'),
(103, 4, 1, 'verified', 'Cash', '36490', '8010', 44500.00, '2025-09-28 11:20:05', '2025-09-28 11:20:05'),
(104, 4, 1, 'verified', 'Cash', '40180', '8820', 49000.00, '2025-09-28 11:20:13', '2025-09-29 14:19:23'),
(105, 4, 1, 'verified', 'Cash', '156620', '34380', 191000.00, '2025-09-28 11:20:29', '2025-09-28 11:20:29'),
(106, 3, 1, 'verified', 'Cash', '41000', '9000', 50000.00, '2025-09-29 04:00:04', '2025-09-29 14:18:05'),
(107, 3, 1, 'verified', 'Cash', '54120', '11880', 66000.00, '2025-09-29 04:00:11', '2025-09-29 04:00:11'),
(108, 3, 1, 'verified', 'Cash', '15580', '3420', 19000.00, '2025-09-29 04:00:19', '2025-09-29 14:18:10'),
(109, 3, 1, 'verified', 'Cash', '39770', '8730', 48500.00, '2025-09-29 04:00:28', '2025-09-29 04:00:28'),
(110, 4, 1, 'verified', 'Cash', '6970', '1530', 8500.00, '2025-09-29 04:24:44', '2025-09-29 04:24:44'),
(111, 4, 1, 'verified', 'Cash', '137760', '30240', 168000.00, '2025-09-29 05:49:11', '2025-09-29 05:49:11'),
(112, 4, 1, 'verified', 'Cash', '12710', '2790', 15500.00, '2025-09-29 05:49:20', '2025-09-29 05:49:20'),
(113, 4, 1, 'verified', 'Cash', '6970', '1530', 8500.00, '2025-09-29 05:49:28', '2025-09-29 13:18:12'),
(114, 4, 1, 'verified', 'Cash', '28290', '6210', 34500.00, '2025-09-29 06:43:06', '2025-09-29 13:16:33'),
(115, 6, 1, 'verified', 'Cash', '28290', '6210', 34500.00, '2025-09-29 10:41:30', '2025-09-29 10:41:30'),
(116, 5, 1, 'verified', 'Cash', '45100', '9900', 55000.00, '2025-09-29 11:58:08', '2025-09-29 11:58:08'),
(117, 6, 1, 'verified', 'Cash', '4510', '990', 5500.00, '2025-09-29 11:59:19', '2025-09-29 11:59:19'),
(118, 5, 1, 'verified', 'Cash', '45100', '9900', 55000.00, '2025-09-29 11:59:56', '2025-09-29 11:59:56'),
(119, 6, 1, 'verified', 'Cash', '55760', '12240', 68000.00, '2025-09-29 12:10:55', '2025-09-29 12:10:55'),
(120, 5, 1, 'verified', 'Cash', '56580', '12420', 69000.00, '2025-09-29 12:21:11', '2025-09-29 12:21:11'),
(121, 6, 1, 'verified', 'Cash', '36900', '8100', 45000.00, '2025-09-29 13:43:39', '2025-09-29 13:43:39'),
(122, 5, 1, 'verified', 'Cash', '30340', '6660', 37000.00, '2025-09-29 13:44:09', '2025-09-29 13:44:09'),
(123, 6, 1, 'verified', 'Cash', '123820', '27180', 151000.00, '2025-09-29 15:07:15', '2025-09-29 15:07:15'),
(124, 5, 1, 'verified', 'Cash', '75440', '16560', 92000.00, '2025-09-29 15:07:27', '2025-09-29 15:08:05'),
(125, 4, 1, 'verified', 'Cash', '113570', '24930', 138500.00, '2025-09-29 15:09:04', '2025-09-29 15:09:04'),
(126, 3, 1, 'verified', 'Cash', '34440', '7560', 42000.00, '2025-09-29 15:09:16', '2025-09-29 15:09:16'),
(127, 3, 1, 'verified', 'Cash', '60680', '13320', 74000.00, '2025-09-29 15:09:35', '2025-09-29 15:09:35'),
(128, 3, 1, 'verified', 'Cash', '118900', '26100', 145000.00, '2025-09-29 15:09:50', '2025-09-29 16:39:47'),
(129, 4, 1, 'verified', 'Cash', '168100', '36900', 205000.00, '2025-09-29 15:10:02', '2025-09-29 15:10:02'),
(130, 5, 1, 'verified', 'Cash', '17220', '3780', 21000.00, '2025-09-29 16:10:34', '2025-09-29 16:10:34'),
(131, 5, 1, 'verified', 'Cash', '31980', '7020', 39000.00, '2025-09-29 16:10:43', '2025-09-29 16:30:52'),
(132, 5, 1, 'verified', 'Cash', '45920', '10080', 56000.00, '2025-09-29 16:10:49', '2025-09-29 16:10:49'),
(133, 3, 1, 'verified', 'Cash', '13120', '2880', 16000.00, '2025-09-29 16:29:29', '2025-09-29 16:29:29'),
(134, 6, 6, 'verified', 'Cash', '15990', '3510', 19500.00, '2025-09-29 17:56:59', '2025-09-29 17:56:59'),
(135, 6, NULL, 'pending', 'Cash', '50430', '11070', 61500.00, '2025-09-29 18:33:58', '2025-09-29 18:33:58'),
(136, 6, 1, 'verified', 'Cash', '17630', '3870', 21500.00, '2025-09-29 18:35:06', '2025-09-30 16:32:06'),
(137, 6, 6, 'verified', 'Cash', '25420', '5580', 31000.00, '2025-09-29 18:39:30', '2025-09-29 18:39:30'),
(138, 6, 1, 'verified', 'Cash', '3280', '720', 4000.00, '2025-09-29 18:39:57', '2025-09-30 05:56:11'),
(139, 6, 6, 'verified', 'Cash', '24600', '5400', 30000.00, '2025-09-29 18:44:12', '2025-09-29 18:44:12'),
(140, 6, 6, 'verified', 'Cash', '77080', '16920', 94000.00, '2025-09-29 19:04:12', '2025-09-29 19:04:12'),
(141, 6, 1, 'verified', 'Cash', '9020', '1980', 11000.00, '2025-09-30 04:48:50', '2025-09-30 05:53:04'),
(142, 4, 1, 'verified', 'Cash', '21320', '4680', 26000.00, '2025-09-30 05:09:42', '2025-09-30 05:09:42'),
(143, 3, 1, 'verified', 'Cash', '820', '180', 1000.00, '2025-09-30 05:36:46', '2025-09-30 05:36:46'),
(144, 6, 1, 'verified', 'Cash', '17220', '3780', 21000.00, '2025-09-30 05:59:16', '2025-09-30 16:31:47'),
(145, 6, 1, 'verified', 'Cash', '18040', '3960', 22000.00, '2025-09-30 06:21:07', '2025-09-30 16:31:43'),
(146, 5, 1, 'verified', 'Cash', '50020', '10980', 61000.00, '2025-09-30 07:04:08', '2025-09-30 07:04:08'),
(147, 3, 1, 'verified', 'Cash', '12300', '2700', 15000.00, '2025-09-30 08:33:19', '2025-09-30 08:33:19'),
(148, 3, 1, 'verified', 'Cash', '36900', '8100', 45000.00, '2025-09-30 08:33:43', '2025-09-30 08:33:43'),
(149, 3, 1, 'verified', 'Cash', '51250', '11250', 62500.00, '2025-09-30 08:33:57', '2025-09-30 08:33:57'),
(150, 4, 1, 'verified', 'Cash', '75030', '16470', 91500.00, '2025-09-30 08:34:10', '2025-09-30 16:24:48'),
(151, 4, 1, 'verified', 'Cash', '47560', '10440', 58000.00, '2025-09-30 08:34:26', '2025-09-30 08:34:26'),
(152, 6, 1, 'verified', 'Cash', '4510', '990', 5500.00, '2025-09-30 08:34:36', '2025-09-30 08:34:36'),
(153, 4, 1, 'verified', 'Mobile', '15580', '3420', 19000.00, '2025-09-30 09:17:30', '2025-09-30 09:17:30'),
(154, 6, 1, 'verified', 'Cash', '15580', '3420', 19000.00, '2025-09-30 09:27:06', '2025-09-30 09:27:06'),
(155, 6, 1, 'verified', 'Cash', '37720', '8280', 46000.00, '2025-09-30 09:27:59', '2025-09-30 09:27:59'),
(156, 6, 1, 'verified', 'Cash', '27880', '6120', 34000.00, '2025-09-30 09:28:09', '2025-09-30 14:03:14'),
(157, 5, 1, 'verified', 'Cash', '46740', '10260', 57000.00, '2025-09-30 15:24:00', '2025-09-30 15:24:00'),
(158, 5, 1, 'verified', 'Cash', '42640', '9360', 52000.00, '2025-09-30 15:24:09', '2025-09-30 15:24:09'),
(159, 6, 1, 'verified', 'Cash', '25420', '5580', 31000.00, '2025-09-30 15:24:18', '2025-09-30 15:24:18'),
(160, 4, NULL, 'pending', 'Cash', '8200', '1800', 10000.00, '2025-09-30 16:26:38', '2025-09-30 16:26:38'),
(161, 4, 1, 'verified', 'Cash', '3690', '810', 4500.00, '2025-09-30 16:39:32', '2025-09-30 16:39:32'),
(162, 6, NULL, 'pending', 'Cash', '4100', '900', 5000.00, '2025-09-30 16:55:17', '2025-09-30 16:55:17'),
(163, 5, 1, 'verified', 'Cash', '15580', '3420', 19000.00, '2025-09-30 18:08:47', '2025-09-30 18:08:47'),
(164, 3, 1, 'verified', 'Cash', '45100', '9900', 55000.00, '2025-09-30 18:09:03', '2025-09-30 18:09:03'),
(165, 3, 1, 'verified', 'Cash', '63140', '13860', 77000.00, '2025-09-30 18:09:23', '2025-09-30 18:09:23'),
(166, 4, NULL, 'pending', 'Cash', '27060', '5940', 33000.00, '2025-09-30 18:09:34', '2025-09-30 18:09:34'),
(167, 3, NULL, 'pending', 'Cash', '60270', '13230', 73500.00, '2025-09-30 18:10:16', '2025-09-30 18:10:16'),
(168, 3, 1, 'verified', 'Cash', '10660', '2340', 13000.00, '2025-09-30 18:10:24', '2025-09-30 18:10:24'),
(169, 5, NULL, 'pending', 'Cash', '34440', '7560', 42000.00, '2025-09-30 18:10:35', '2025-09-30 18:10:35'),
(170, 5, 1, 'verified', 'Cash', '36900', '8100', 45000.00, '2025-09-30 18:10:44', '2025-09-30 18:10:44'),
(171, 4, 1, 'verified', 'Cash', '45510', '9990', 55500.00, '2025-09-30 18:10:53', '2025-09-30 18:10:53'),
(172, 3, 1, 'verified', 'Cash', '13120', '2880', 16000.00, '2025-09-30 18:11:06', '2025-10-01 06:35:37'),
(173, 6, NULL, 'pending', 'Cash', '45920', '10080', 56000.00, '2025-10-01 06:14:38', '2025-10-01 06:14:38'),
(174, 6, NULL, 'pending', 'Cash', '8200', '1800', 10000.00, '2025-10-01 06:29:21', '2025-10-01 06:29:21'),
(175, 4, 1, 'verified', 'Cash', '104140', '22860', 127000.00, '2025-10-01 06:37:12', '2025-10-01 06:37:12'),
(176, 4, 1, 'verified', 'Cash', '118080', '25920', 144000.00, '2025-10-01 06:37:27', '2025-10-01 06:44:05'),
(177, 4, NULL, 'pending', 'Cash', '22960', '5040', 28000.00, '2025-10-01 06:57:21', '2025-10-01 06:57:21'),
(178, 9, 1, 'verified', 'Cash', '3280', '720', 4000.00, '2025-10-01 07:07:20', '2025-10-01 07:07:20'),
(179, 6, 1, 'verified', 'Cash', '24600', '5400', 30000.00, '2025-10-01 07:07:53', '2025-10-01 07:10:05'),
(180, 5, 1, 'verified', 'Cash', '8200', '1800', 10000.00, '2025-10-01 11:29:11', '2025-10-01 11:29:11'),
(181, 5, NULL, 'pending', 'Cash', '61090', '13410', 74500.00, '2025-10-01 11:29:31', '2025-10-01 11:29:31'),
(182, 6, 1, 'verified', 'Cash', '37720', '8280', 46000.00, '2025-10-01 11:31:24', '2025-10-01 11:31:24'),
(183, 6, 1, 'verified', 'Cash', '56580', '12420', 69000.00, '2025-10-01 11:31:40', '2025-10-01 11:31:40'),
(184, 5, 1, 'verified', 'Cash', '22140', '4860', 27000.00, '2025-10-01 13:02:37', '2025-10-01 13:02:37'),
(185, 5, 1, 'verified', 'Cash', '22140', '4860', 27000.00, '2025-10-01 13:02:52', '2025-10-02 06:04:08'),
(186, 4, 1, 'verified', 'Cash', '20090', '4410', 24500.00, '2025-10-01 13:21:11', '2025-10-01 13:21:11'),
(187, 4, 1, 'verified', 'Cash', '5330', '1170', 6500.00, '2025-10-01 13:42:52', '2025-10-01 13:42:52'),
(188, 4, 1, 'verified', 'Cash', '25830', '5670', 31500.00, '2025-10-01 13:44:37', '2025-10-01 13:44:37'),
(189, 4, 1, 'verified', 'Cash', '37310', '8190', 45500.00, '2025-10-01 14:22:10', '2025-10-01 14:22:10'),
(190, 9, 1, 'verified', 'Cash', '19680', '4320', 24000.00, '2025-10-01 14:31:39', '2025-10-02 06:04:20'),
(191, 3, 1, 'verified', 'Cash', '11480', '2520', 14000.00, '2025-10-02 06:08:08', '2025-10-02 06:08:08'),
(192, 4, 1, 'verified', 'Cash', '1640', '360', 2000.00, '2025-10-02 06:20:40', '2025-10-02 06:20:40'),
(193, 6, NULL, 'pending', 'Cash', '3280', '720', 4000.00, '2025-10-02 06:28:51', '2025-10-02 06:28:51'),
(194, 6, NULL, 'pending', 'Cash', '2460', '540', 3000.00, '2025-10-02 06:30:51', '2025-10-02 06:30:51'),
(195, 10, 2, 'verified', 'Cash', '10660', '2340', 13000.00, '2025-10-02 06:41:34', '2025-10-04 05:24:55'),
(196, 6, 11, 'verified', 'Cash', '11480', '2520', 14000.00, '2025-10-02 06:56:27', '2025-10-02 06:56:27'),
(197, 6, NULL, 'pending', 'Cash', '18040', '3960', 22000.00, '2025-10-02 07:04:50', '2025-10-02 07:04:50'),
(198, 12, NULL, 'pending', 'Cash', '3280', '720', 4000.00, '2025-10-02 07:12:19', '2025-10-02 07:12:19'),
(199, 12, 11, 'verified', 'Cash', '27060', '5940', 33000.00, '2025-10-02 07:33:10', '2025-10-03 08:47:00'),
(200, 4, 2, 'verified', 'Cash', '20500', '4500', 25000.00, '2025-10-02 10:43:35', '2025-10-04 05:24:25'),
(201, 4, 11, 'verified', 'Cash', '3280', '720', 4000.00, '2025-10-02 10:45:08', '2025-10-03 09:31:40'),
(202, 3, 1, 'verified', 'Cash', '11890', '2610', 14500.00, '2025-10-02 12:37:52', '2025-10-02 12:37:52'),
(203, 3, 1, 'verified', 'Cash', '11890', '2610', 14500.00, '2025-10-02 12:56:44', '2025-10-02 12:56:44'),
(204, 3, 1, 'verified', 'Cash', '25420', '5580', 31000.00, '2025-10-02 12:57:15', '2025-10-02 12:57:15'),
(205, 3, 11, 'verified', 'Cash', '21320', '4680', 26000.00, '2025-10-02 12:57:56', '2025-10-03 08:54:14'),
(206, 5, 1, 'verified', 'Cash', '2460', '540', 3000.00, '2025-10-02 12:59:54', '2025-10-02 12:59:54'),
(207, 6, 1, 'verified', 'Cash', '21730', '4770', 26500.00, '2025-10-02 13:01:17', '2025-10-02 13:01:17'),
(208, 10, 1, 'verified', 'Cash', '18860', '4140', 23000.00, '2025-10-02 14:41:27', '2025-10-02 14:41:27'),
(209, 9, 1, 'verified', 'Cash', '82410', '18090', 100500.00, '2025-10-02 14:55:21', '2025-10-02 14:55:21'),
(210, 12, 1, 'verified', 'Cash', '29110', '6390', 35500.00, '2025-10-02 15:15:51', '2025-10-02 15:15:51'),
(211, 6, 11, 'verified', 'Cash', '10250', '2250', 12500.00, '2025-10-02 19:41:46', '2025-10-02 19:41:46'),
(212, 6, 11, 'verified', 'Cash', '18040', '3960', 22000.00, '2025-10-02 19:42:33', '2025-10-03 08:47:25'),
(213, 12, 1, 'verified', 'Cash', '11480', '2520', 14000.00, '2025-10-03 04:07:15', '2025-10-03 07:49:40'),
(214, 4, 1, 'verified', 'Cash', '14350', '3150', 17500.00, '2025-10-03 04:48:28', '2025-10-03 04:48:28'),
(215, 10, 1, 'verified', 'Cash', '34440', '7560', 42000.00, '2025-10-03 04:53:03', '2025-10-03 04:53:03'),
(216, 9, 1, 'verified', 'Cash', '3280', '720', 4000.00, '2025-10-03 07:28:24', '2025-10-03 07:28:24'),
(217, 6, 1, 'verified', 'Cash', '18860', '4140', 23000.00, '2025-10-03 07:28:37', '2025-10-03 07:28:37'),
(218, 12, 11, 'verified', 'Cash', '21730', '4770', 26500.00, '2025-10-03 09:04:03', '2025-10-03 09:04:03'),
(219, 3, 11, 'verified', 'Cash', '23780', '5220', 29000.00, '2025-10-03 09:04:14', '2025-10-03 09:04:14'),
(220, 6, 1, 'verified', 'Cash', '15990', '3510', 19500.00, '2025-10-03 17:39:07', '2025-10-03 17:39:07'),
(221, 10, 2, 'verified', 'Cash', '37720', '8280', 46000.00, '2025-10-03 17:39:20', '2025-10-04 05:24:20'),
(222, 3, 1, 'verified', 'Cash', '13940', '3060', 17000.00, '2025-10-03 17:39:34', '2025-10-03 17:39:34'),
(223, 3, 1, 'verified', 'Cash', '4100', '900', 5000.00, '2025-10-04 04:40:57', '2025-10-04 04:40:57'),
(224, 4, 1, 'verified', 'Cash', '20500', '4500', 25000.00, '2025-10-04 04:41:11', '2025-10-04 04:41:11'),
(225, 6, 1, 'verified', 'Cash', '26240', '5760', 32000.00, '2025-10-04 04:41:23', '2025-10-04 04:41:23'),
(226, 9, 1, 'verified', 'Cash', '38540', '8460', 47000.00, '2025-10-04 04:41:34', '2025-10-04 04:41:34'),
(227, 12, 2, 'verified', 'Cash', '25420', '5580', 31000.00, '2025-10-04 04:41:49', '2025-10-04 05:24:03'),
(228, 10, 1, 'verified', 'Cash', '4100', '900', 5000.00, '2025-10-04 06:02:25', '2025-10-04 06:24:01'),
(229, 10, 2, 'verified', 'Cash', '41820', '9180', 51000.00, '2025-10-04 06:06:13', '2025-10-04 06:06:13'),
(230, 12, 1, 'verified', 'Cash', '26240', '5760', 32000.00, '2025-10-04 16:03:24', '2025-10-04 16:03:24'),
(231, 12, 1, 'verified', 'Cash', '35670', '7830', 43500.00, '2025-10-04 16:03:56', '2025-10-04 16:03:56'),
(232, 4, 1, 'verified', 'Cash', '2460', '540', 3000.00, '2025-10-05 17:22:55', '2025-10-05 17:22:55'),
(233, 4, NULL, 'pending', 'Cash', '3690', '810', 4500.00, '2025-10-05 17:23:02', '2025-10-05 17:23:02'),
(234, 3, 1, 'verified', 'Cash', '8610', '1890', 10500.00, '2025-10-05 17:23:11', '2025-10-05 17:23:11'),
(235, 3, NULL, 'pending', 'Cash', '11480', '2520', 14000.00, '2025-10-05 17:23:21', '2025-10-05 17:23:21'),
(236, 6, 1, 'verified', 'Cash', '32800', '7200', 40000.00, '2025-10-05 17:23:34', '2025-10-05 17:23:34'),
(237, 6, NULL, 'pending', 'Cash', '31160', '6840', 38000.00, '2025-10-05 17:23:41', '2025-10-05 17:23:41'),
(238, 3, 1, 'verified', 'Cash', '25420', '5580', 31000.00, '2025-10-06 05:15:15', '2025-10-06 05:15:15'),
(239, 6, 1, 'verified', 'Cash', '3280', '720', 4000.00, '2025-10-06 05:15:26', '2025-10-06 05:15:26'),
(240, 9, 1, 'verified', 'Cash', '11480', '2520', 14000.00, '2025-10-06 05:15:38', '2025-10-06 05:15:38'),
(241, 10, 1, 'verified', 'Cash', '34440', '7560', 42000.00, '2025-10-06 05:15:46', '2025-10-06 05:15:46'),
(242, 12, 1, 'verified', 'Cash', '14760', '3240', 18000.00, '2025-10-06 05:15:55', '2025-10-06 05:15:55'),
(243, 4, 1, 'verified', 'Cash', '1640', '360', 2000.00, '2025-10-06 05:16:05', '2025-10-06 05:16:05'),
(244, 4, 1, 'verified', 'Cash', '3280', '720', 4000.00, '2025-10-06 06:09:52', '2025-10-06 06:09:52'),
(245, 10, 1, 'verified', 'Cash', '4920', '1080', 6000.00, '2025-10-06 06:10:08', '2025-10-06 06:10:08');

-- --------------------------------------------------------

--
-- Table structure for table `sale_items`
--

CREATE TABLE IF NOT EXISTS `sale_items` (
  `id` int(10) UNSIGNED NOT NULL AUTO_INCREMENT,
  `sale_id` bigint(20) UNSIGNED NOT NULL,
  `product_id` int(10) UNSIGNED NOT NULL,
  `quantity` int(11) NOT NULL DEFAULT 1,
  `price` decimal(12,2) NOT NULL,
  `created_at` timestamp NULL DEFAULT current_timestamp(),
  `updated_at` timestamp NULL DEFAULT current_timestamp() ON UPDATE current_timestamp(),
  PRIMARY KEY (`id`),
  KEY `fk_sale_items_sale` (`sale_id`),
  KEY `fk_sale_items_product` (`product_id`)
) ENGINE=InnoDB AUTO_INCREMENT=929 DEFAULT CHARSET=utf8mb4 COLLATE=utf8mb4_unicode_ci;

--
-- RELATIONSHIPS FOR TABLE `sale_items`:
--   `product_id`
--       `products` -> `id`
--   `sale_id`
--       `sales` -> `id`
--

--
-- Dumping data for table `sale_items`
--

INSERT INTO `sale_items` (`id`, `sale_id`, `product_id`, `quantity`, `price`, `created_at`, `updated_at`) VALUES
(1, 1, 4, 1, 1000.00, '2025-09-26 03:31:54', '2025-09-26 03:31:54'),
(2, 1, 3, 1, 14000.00, '2025-09-26 03:31:54', '2025-09-26 03:31:54'),
(3, 2, 7, 1, 500.00, '2025-09-26 04:51:05', '2025-09-26 04:51:05'),
(4, 2, 4, 2, 1000.00, '2025-09-26 04:51:05', '2025-09-26 04:51:05'),
(6, 3, 3, 1, 14000.00, '2025-09-26 04:55:15', '2025-09-26 04:55:15'),
(7, 3, 4, 1, 1000.00, '2025-09-26 04:55:15', '2025-09-26 04:55:15'),
(8, 4, 3, 2, 14000.00, '2025-09-26 05:02:20', '2025-09-26 05:02:20'),
(9, 4, 4, 2, 1000.00, '2025-09-26 05:02:20', '2025-09-26 05:02:20'),
(10, 5, 3, 2, 14000.00, '2025-09-26 05:13:52', '2025-09-26 05:13:52'),
(11, 5, 4, 2, 1000.00, '2025-09-26 05:13:52', '2025-09-26 05:13:52'),
(12, 6, 3, 2, 14000.00, '2025-09-26 05:18:18', '2025-09-26 05:18:18'),
(13, 6, 4, 2, 1000.00, '2025-09-26 05:18:18', '2025-09-26 05:18:18'),
(14, 7, 3, 3, 14000.00, '2025-09-26 05:19:36', '2025-09-26 05:19:36'),
(15, 7, 4, 2, 1000.00, '2025-09-26 05:19:36', '2025-09-26 05:19:36'),
(16, 7, 6, 1, 2000.00, '2025-09-26 05:19:36', '2025-09-26 05:19:36'),
(17, 8, 3, 2, 14000.00, '2025-09-26 05:19:56', '2025-09-26 05:19:56'),
(18, 8, 2, 1, 11000.00, '2025-09-26 05:19:56', '2025-09-26 05:19:56'),
(19, 8, 6, 1, 2000.00, '2025-09-26 05:19:56', '2025-09-26 05:19:56'),
(20, 9, 4, 1, 1000.00, '2025-09-26 07:04:24', '2025-09-26 07:04:24'),
(21, 10, 4, 1, 1000.00, '2025-09-26 07:14:36', '2025-09-26 07:14:36'),
(22, 11, 4, 2, 1000.00, '2025-09-26 07:24:46', '2025-09-26 07:24:46'),
(23, 11, 3, 1, 14000.00, '2025-09-26 07:24:46', '2025-09-26 07:24:46'),
(24, 12, 4, 7, 1000.00, '2025-09-26 10:14:18', '2025-09-26 10:14:18'),
(25, 12, 3, 3, 14000.00, '2025-09-26 10:14:18', '2025-09-26 10:14:18'),
(26, 12, 2, 2, 11000.00, '2025-09-26 10:14:18', '2025-09-26 10:14:18'),
(28, 12, 8, 1, 15000.00, '2025-09-26 10:14:18', '2025-09-26 10:14:18'),
(29, 12, 7, 1, 500.00, '2025-09-26 10:14:18', '2025-09-26 10:14:18'),
(30, 12, 6, 1, 2000.00, '2025-09-26 10:14:18', '2025-09-26 10:14:18'),
(31, 12, 9, 1, 14000.00, '2025-09-26 10:14:18', '2025-09-26 10:14:18'),
(32, 13, 4, 2, 1000.00, '2025-09-26 11:09:27', '2025-09-26 11:09:27'),
(34, 14, 4, 2, 1000.00, '2025-09-26 11:09:37', '2025-09-26 11:09:37'),
(37, 15, 4, 1, 1000.00, '2025-09-26 11:09:52', '2025-09-26 11:09:52'),
(38, 15, 3, 1, 14000.00, '2025-09-26 11:09:52', '2025-09-26 11:09:52'),
(39, 15, 7, 1, 500.00, '2025-09-26 11:09:52', '2025-09-26 11:09:52'),
(41, 16, 4, 1, 1000.00, '2025-09-26 11:13:40', '2025-09-26 11:13:40'),
(42, 16, 3, 1, 14000.00, '2025-09-26 11:13:40', '2025-09-26 11:13:40'),
(43, 16, 7, 1, 500.00, '2025-09-26 11:13:40', '2025-09-26 11:13:40'),
(44, 17, 9, 1, 14000.00, '2025-09-26 11:14:27', '2025-09-26 11:14:27'),
(45, 18, 4, 2, 1000.00, '2025-09-26 11:14:36', '2025-09-26 11:14:36'),
(46, 18, 3, 1, 14000.00, '2025-09-26 11:14:36', '2025-09-26 11:14:36'),
(47, 19, 4, 1, 1000.00, '2025-09-26 11:20:14', '2025-09-26 11:20:14'),
(49, 19, 3, 1, 14000.00, '2025-09-26 11:20:15', '2025-09-26 11:20:15'),
(50, 20, 3, 1, 14000.00, '2025-09-26 11:53:39', '2025-09-26 11:53:39'),
(51, 20, 2, 1, 11000.00, '2025-09-26 11:53:39', '2025-09-26 11:53:39'),
(52, 20, 4, 1, 1000.00, '2025-09-26 11:53:39', '2025-09-26 11:53:39'),
(53, 21, 3, 1, 14000.00, '2025-09-26 11:59:23', '2025-09-26 11:59:23'),
(54, 21, 4, 1, 1000.00, '2025-09-26 11:59:23', '2025-09-26 11:59:23'),
(55, 21, 8, 1, 15000.00, '2025-09-26 11:59:23', '2025-09-26 11:59:23'),
(56, 21, 7, 1, 500.00, '2025-09-26 11:59:23', '2025-09-26 11:59:23'),
(57, 22, 9, 1, 14000.00, '2025-09-26 11:59:40', '2025-09-26 11:59:40'),
(58, 22, 8, 1, 15000.00, '2025-09-26 11:59:40', '2025-09-26 11:59:40'),
(59, 22, 4, 1, 1000.00, '2025-09-26 11:59:40', '2025-09-26 11:59:40'),
(60, 22, 7, 1, 500.00, '2025-09-26 11:59:40', '2025-09-26 11:59:40'),
(61, 23, 8, 8, 15000.00, '2025-09-26 12:02:41', '2025-09-26 12:02:41'),
(62, 23, 7, 4, 500.00, '2025-09-26 12:02:41', '2025-09-26 12:02:41'),
(63, 23, 3, 8, 14000.00, '2025-09-26 12:02:41', '2025-09-26 12:02:41'),
(65, 23, 4, 7, 1000.00, '2025-09-26 12:02:41', '2025-09-26 12:02:41'),
(66, 23, 9, 4, 14000.00, '2025-09-26 12:02:41', '2025-09-26 12:02:41'),
(67, 23, 2, 3, 11000.00, '2025-09-26 12:02:41', '2025-09-26 12:02:41'),
(68, 23, 6, 1, 2000.00, '2025-09-26 12:02:41', '2025-09-26 12:02:41'),
(69, 24, 3, 1, 14000.00, '2025-09-26 12:11:55', '2025-09-26 12:11:55'),
(70, 24, 4, 1, 1000.00, '2025-09-26 12:11:55', '2025-09-26 12:11:55'),
(72, 25, 9, 1, 14000.00, '2025-09-26 12:13:30', '2025-09-26 12:13:30'),
(73, 25, 8, 1, 15000.00, '2025-09-26 12:13:30', '2025-09-26 12:13:30'),
(74, 26, 4, 1, 1000.00, '2025-09-26 12:16:35', '2025-09-26 12:16:35'),
(75, 26, 3, 1, 14000.00, '2025-09-26 12:16:35', '2025-09-26 12:16:35'),
(76, 26, 7, 1, 500.00, '2025-09-26 12:16:35', '2025-09-26 12:16:35'),
(77, 26, 8, 1, 15000.00, '2025-09-26 12:16:36', '2025-09-26 12:16:36'),
(78, 26, 9, 1, 14000.00, '2025-09-26 12:16:36', '2025-09-26 12:16:36'),
(79, 27, 9, 1, 14000.00, '2025-09-26 12:16:51', '2025-09-26 12:16:51'),
(80, 27, 8, 1, 15000.00, '2025-09-26 12:16:51', '2025-09-26 12:16:51'),
(81, 27, 3, 1, 14000.00, '2025-09-26 12:16:51', '2025-09-26 12:16:51'),
(82, 27, 7, 1, 500.00, '2025-09-26 12:16:51', '2025-09-26 12:16:51'),
(83, 28, 4, 1, 1000.00, '2025-09-26 12:17:38', '2025-09-26 12:17:38'),
(84, 28, 3, 1, 14000.00, '2025-09-26 12:17:38', '2025-09-26 12:17:38'),
(85, 28, 2, 1, 11000.00, '2025-09-26 12:17:38', '2025-09-26 12:17:38'),
(88, 29, 4, 1, 1000.00, '2025-09-26 12:18:19', '2025-09-26 12:18:19'),
(89, 29, 8, 3, 15000.00, '2025-09-26 12:18:19', '2025-09-26 12:18:19'),
(90, 29, 9, 2, 14000.00, '2025-09-26 12:18:19', '2025-09-26 12:18:19'),
(91, 29, 3, 2, 14000.00, '2025-09-26 12:18:19', '2025-09-26 12:18:19'),
(92, 30, 8, 4, 15000.00, '2025-09-26 13:24:50', '2025-09-26 13:24:50'),
(93, 30, 9, 1, 14000.00, '2025-09-26 13:24:50', '2025-09-26 13:24:50'),
(94, 30, 2, 1, 11000.00, '2025-09-26 13:24:50', '2025-09-26 13:24:50'),
(95, 30, 3, 1, 14000.00, '2025-09-26 13:24:50', '2025-09-26 13:24:50'),
(96, 31, 10, 1, 6000.00, '2025-09-26 13:28:04', '2025-09-26 13:28:04'),
(97, 31, 7, 1, 500.00, '2025-09-26 13:28:04', '2025-09-26 13:28:04'),
(98, 31, 8, 2, 15000.00, '2025-09-26 13:28:04', '2025-09-26 13:28:04'),
(99, 32, 3, 1, 14000.00, '2025-09-26 13:33:55', '2025-09-26 13:33:55'),
(100, 32, 4, 1, 1000.00, '2025-09-26 13:33:55', '2025-09-26 13:33:55'),
(101, 32, 7, 1, 500.00, '2025-09-26 13:33:55', '2025-09-26 13:33:55'),
(102, 32, 10, 1, 6000.00, '2025-09-26 13:33:55', '2025-09-26 13:33:55'),
(103, 32, 6, 1, 2000.00, '2025-09-26 13:33:55', '2025-09-26 13:33:55'),
(104, 32, 8, 1, 15000.00, '2025-09-26 13:33:56', '2025-09-26 13:33:56'),
(105, 32, 9, 1, 14000.00, '2025-09-26 13:33:56', '2025-09-26 13:33:56'),
(106, 33, 9, 2, 14000.00, '2025-09-26 13:34:18', '2025-09-26 13:34:18'),
(107, 33, 8, 1, 15000.00, '2025-09-26 13:34:18', '2025-09-26 13:34:18'),
(108, 33, 4, 1, 1000.00, '2025-09-26 13:34:18', '2025-09-26 13:34:18'),
(109, 33, 3, 1, 14000.00, '2025-09-26 13:34:18', '2025-09-26 13:34:18'),
(110, 33, 7, 1, 500.00, '2025-09-26 13:34:18', '2025-09-26 13:34:18'),
(111, 34, 4, 1, 1000.00, '2025-09-26 13:40:50', '2025-09-26 13:40:50'),
(112, 34, 3, 1, 14000.00, '2025-09-26 13:40:51', '2025-09-26 13:40:51'),
(113, 34, 10, 1, 6000.00, '2025-09-26 13:40:51', '2025-09-26 13:40:51'),
(114, 34, 6, 1, 2000.00, '2025-09-26 13:40:51', '2025-09-26 13:40:51'),
(115, 34, 7, 1, 500.00, '2025-09-26 13:40:51', '2025-09-26 13:40:51'),
(116, 34, 8, 1, 15000.00, '2025-09-26 13:40:51', '2025-09-26 13:40:51'),
(117, 35, 9, 1, 14000.00, '2025-09-26 13:43:45', '2025-09-26 13:43:45'),
(118, 35, 8, 1, 15000.00, '2025-09-26 13:43:45', '2025-09-26 13:43:45'),
(119, 35, 10, 1, 6000.00, '2025-09-26 13:43:45', '2025-09-26 13:43:45'),
(120, 35, 6, 1, 2000.00, '2025-09-26 13:43:45', '2025-09-26 13:43:45'),
(121, 35, 7, 1, 500.00, '2025-09-26 13:43:45', '2025-09-26 13:43:45'),
(122, 36, 9, 1, 14000.00, '2025-09-26 13:44:37', '2025-09-26 13:44:37'),
(123, 36, 8, 1, 15000.00, '2025-09-26 13:44:37', '2025-09-26 13:44:37'),
(124, 36, 7, 1, 500.00, '2025-09-26 13:44:37', '2025-09-26 13:44:37'),
(125, 36, 6, 1, 2000.00, '2025-09-26 13:44:37', '2025-09-26 13:44:37'),
(126, 37, 4, 1, 1000.00, '2025-09-26 13:45:37', '2025-09-26 13:45:37'),
(127, 37, 3, 2, 14000.00, '2025-09-26 13:45:37', '2025-09-26 13:45:37'),
(128, 37, 7, 1, 500.00, '2025-09-26 13:45:37', '2025-09-26 13:45:37'),
(129, 37, 6, 1, 2000.00, '2025-09-26 13:45:37', '2025-09-26 13:45:37'),
(130, 37, 10, 1, 6000.00, '2025-09-26 13:45:37', '2025-09-26 13:45:37'),
(131, 38, 9, 1, 14000.00, '2025-09-26 13:46:02', '2025-09-26 13:46:02'),
(132, 38, 8, 1, 15000.00, '2025-09-26 13:46:02', '2025-09-26 13:46:02'),
(133, 38, 7, 1, 500.00, '2025-09-26 13:46:02', '2025-09-26 13:46:02'),
(134, 38, 6, 1, 2000.00, '2025-09-26 13:46:02', '2025-09-26 13:46:02'),
(135, 38, 10, 1, 6000.00, '2025-09-26 13:46:02', '2025-09-26 13:46:02'),
(136, 39, 3, 1, 14000.00, '2025-09-26 13:48:10', '2025-09-26 13:48:10'),
(137, 39, 7, 1, 500.00, '2025-09-26 13:48:10', '2025-09-26 13:48:10'),
(138, 39, 2, 1, 11000.00, '2025-09-26 13:48:10', '2025-09-26 13:48:10'),
(139, 39, 6, 1, 2000.00, '2025-09-26 13:48:10', '2025-09-26 13:48:10'),
(140, 39, 10, 1, 6000.00, '2025-09-26 13:48:10', '2025-09-26 13:48:10'),
(141, 40, 9, 1, 14000.00, '2025-09-26 13:48:35', '2025-09-26 13:48:35'),
(142, 40, 8, 2, 15000.00, '2025-09-26 13:48:36', '2025-09-26 13:48:36'),
(143, 40, 7, 2, 500.00, '2025-09-26 13:48:36', '2025-09-26 13:48:36'),
(144, 40, 6, 1, 2000.00, '2025-09-26 13:48:36', '2025-09-26 13:48:36'),
(145, 40, 10, 2, 6000.00, '2025-09-26 13:48:36', '2025-09-26 13:48:36'),
(146, 41, 3, 1, 14000.00, '2025-09-26 13:49:43', '2025-09-26 13:49:43'),
(147, 41, 7, 1, 500.00, '2025-09-26 13:49:43', '2025-09-26 13:49:43'),
(148, 41, 2, 1, 11000.00, '2025-09-26 13:49:43', '2025-09-26 13:49:43'),
(149, 41, 6, 1, 2000.00, '2025-09-26 13:49:43', '2025-09-26 13:49:43'),
(150, 41, 4, 1, 1000.00, '2025-09-26 13:49:43', '2025-09-26 13:49:43'),
(151, 41, 8, 1, 15000.00, '2025-09-26 13:49:43', '2025-09-26 13:49:43'),
(152, 41, 10, 1, 6000.00, '2025-09-26 13:49:43', '2025-09-26 13:49:43'),
(153, 42, 8, 1, 15000.00, '2025-09-26 13:50:10', '2025-09-26 13:50:10'),
(154, 42, 7, 2, 500.00, '2025-09-26 13:50:10', '2025-09-26 13:50:10'),
(155, 42, 3, 1, 14000.00, '2025-09-26 13:50:10', '2025-09-26 13:50:10'),
(156, 42, 6, 1, 2000.00, '2025-09-26 13:50:10', '2025-09-26 13:50:10'),
(157, 42, 10, 1, 6000.00, '2025-09-26 13:50:10', '2025-09-26 13:50:10'),
(159, 43, 9, 1, 14000.00, '2025-09-26 13:50:30', '2025-09-26 13:50:30'),
(160, 43, 4, 1, 1000.00, '2025-09-26 13:50:30', '2025-09-26 13:50:30'),
(161, 43, 8, 1, 15000.00, '2025-09-26 13:50:30', '2025-09-26 13:50:30'),
(162, 43, 3, 1, 14000.00, '2025-09-26 13:50:30', '2025-09-26 13:50:30'),
(163, 43, 10, 1, 6000.00, '2025-09-26 13:50:30', '2025-09-26 13:50:30'),
(164, 44, 4, 1, 1000.00, '2025-09-26 13:52:29', '2025-09-26 13:52:29'),
(165, 44, 3, 1, 14000.00, '2025-09-26 13:52:29', '2025-09-26 13:52:29'),
(166, 44, 7, 1, 500.00, '2025-09-26 13:52:29', '2025-09-26 13:52:29'),
(167, 44, 6, 1, 2000.00, '2025-09-26 13:52:29', '2025-09-26 13:52:29'),
(168, 44, 10, 1, 6000.00, '2025-09-26 13:52:29', '2025-09-26 13:52:29'),
(169, 45, 9, 1, 14000.00, '2025-09-26 13:53:09', '2025-09-26 13:53:09'),
(171, 45, 4, 1, 1000.00, '2025-09-26 13:53:09', '2025-09-26 13:53:09'),
(172, 45, 8, 1, 15000.00, '2025-09-26 13:53:09', '2025-09-26 13:53:09'),
(173, 46, 3, 1, 14000.00, '2025-09-27 00:17:00', '2025-09-27 00:17:00'),
(174, 46, 6, 1, 2000.00, '2025-09-27 00:17:00', '2025-09-27 00:17:00'),
(175, 46, 10, 1, 6000.00, '2025-09-27 00:17:01', '2025-09-27 00:17:01'),
(176, 46, 7, 1, 500.00, '2025-09-27 00:17:01', '2025-09-27 00:17:01'),
(177, 46, 8, 1, 15000.00, '2025-09-27 00:17:01', '2025-09-27 00:17:01'),
(178, 47, 7, 1, 500.00, '2025-09-27 00:19:25', '2025-09-27 00:19:25'),
(179, 47, 6, 1, 2000.00, '2025-09-27 00:19:25', '2025-09-27 00:19:25'),
(180, 47, 10, 1, 6000.00, '2025-09-27 00:19:25', '2025-09-27 00:19:25'),
(181, 47, 8, 1, 15000.00, '2025-09-27 00:19:25', '2025-09-27 00:19:25'),
(182, 47, 9, 1, 14000.00, '2025-09-27 00:19:25', '2025-09-27 00:19:25'),
(183, 48, 3, 2, 14000.00, '2025-09-27 00:23:52', '2025-09-27 00:23:52'),
(184, 48, 4, 1, 1000.00, '2025-09-27 00:23:52', '2025-09-27 00:23:52'),
(185, 48, 8, 1, 15000.00, '2025-09-27 00:23:52', '2025-09-27 00:23:52'),
(186, 49, 3, 1, 14000.00, '2025-09-27 00:30:34', '2025-09-27 00:30:34'),
(187, 49, 7, 1, 500.00, '2025-09-27 00:30:34', '2025-09-27 00:30:34'),
(188, 49, 2, 1, 11000.00, '2025-09-27 00:30:34', '2025-09-27 00:30:34'),
(189, 49, 6, 1, 2000.00, '2025-09-27 00:30:34', '2025-09-27 00:30:34'),
(190, 49, 8, 1, 15000.00, '2025-09-27 00:30:34', '2025-09-27 00:30:34'),
(191, 49, 10, 1, 6000.00, '2025-09-27 00:30:34', '2025-09-27 00:30:34'),
(192, 50, 4, 1, 1000.00, '2025-09-27 00:31:26', '2025-09-27 00:31:26'),
(193, 50, 3, 1, 14000.00, '2025-09-27 00:31:26', '2025-09-27 00:31:26'),
(194, 50, 7, 1, 500.00, '2025-09-27 00:31:26', '2025-09-27 00:31:26'),
(195, 50, 10, 1, 6000.00, '2025-09-27 00:31:26', '2025-09-27 00:31:26'),
(196, 51, 3, 1, 14000.00, '2025-09-27 00:38:20', '2025-09-27 00:38:20'),
(197, 51, 2, 1, 11000.00, '2025-09-27 00:38:20', '2025-09-27 00:38:20'),
(198, 51, 6, 1, 2000.00, '2025-09-27 00:38:20', '2025-09-27 00:38:20'),
(199, 52, 7, 1, 500.00, '2025-09-27 00:42:47', '2025-09-27 00:42:47'),
(200, 52, 6, 1, 2000.00, '2025-09-27 00:42:47', '2025-09-27 00:42:47'),
(201, 52, 10, 1, 6000.00, '2025-09-27 00:42:47', '2025-09-27 00:42:47'),
(202, 53, 7, 1, 500.00, '2025-09-27 00:46:35', '2025-09-27 00:46:35'),
(203, 53, 6, 1, 2000.00, '2025-09-27 00:46:35', '2025-09-27 00:46:35'),
(204, 53, 10, 1, 6000.00, '2025-09-27 00:46:35', '2025-09-27 00:46:35'),
(205, 54, 6, 1, 2000.00, '2025-09-27 01:44:34', '2025-09-27 01:44:34'),
(206, 54, 10, 2, 6000.00, '2025-09-27 01:44:34', '2025-09-27 01:44:34'),
(207, 54, 7, 2, 500.00, '2025-09-27 01:44:34', '2025-09-27 01:44:34'),
(208, 54, 8, 1, 15000.00, '2025-09-27 01:44:34', '2025-09-27 01:44:34'),
(209, 55, 6, 1, 2000.00, '2025-09-27 01:45:04', '2025-09-27 01:45:04'),
(210, 55, 10, 1, 6000.00, '2025-09-27 01:45:04', '2025-09-27 01:45:04'),
(211, 55, 7, 1, 500.00, '2025-09-27 01:45:04', '2025-09-27 01:45:04'),
(212, 55, 8, 1, 15000.00, '2025-09-27 01:45:04', '2025-09-27 01:45:04'),
(213, 55, 9, 1, 14000.00, '2025-09-27 01:45:04', '2025-09-27 01:45:04'),
(214, 56, 8, 1, 15000.00, '2025-09-27 01:46:56', '2025-09-27 01:46:56'),
(215, 56, 4, 1, 1000.00, '2025-09-27 01:46:56', '2025-09-27 01:46:56'),
(216, 56, 3, 1, 14000.00, '2025-09-27 01:46:56', '2025-09-27 01:46:56'),
(217, 57, 2, 1, 11000.00, '2025-09-27 02:02:47', '2025-09-27 02:02:47'),
(218, 57, 3, 1, 14000.00, '2025-09-27 02:02:47', '2025-09-27 02:02:47'),
(219, 57, 4, 1, 1000.00, '2025-09-27 02:02:47', '2025-09-27 02:02:47'),
(220, 57, 8, 1, 15000.00, '2025-09-27 02:02:47', '2025-09-27 02:02:47'),
(221, 58, 9, 1, 14000.00, '2025-09-27 02:04:41', '2025-09-27 02:04:41'),
(222, 58, 8, 1, 15000.00, '2025-09-27 02:04:41', '2025-09-27 02:04:41'),
(223, 58, 7, 1, 500.00, '2025-09-27 02:04:41', '2025-09-27 02:04:41'),
(224, 58, 10, 1, 6000.00, '2025-09-27 02:04:41', '2025-09-27 02:04:41'),
(225, 59, 2, 1, 11000.00, '2025-09-27 02:05:40', '2025-09-27 02:05:40'),
(226, 59, 6, 1, 2000.00, '2025-09-27 02:05:40', '2025-09-27 02:05:40'),
(227, 59, 10, 1, 6000.00, '2025-09-27 02:05:40', '2025-09-27 02:05:40'),
(228, 59, 7, 1, 500.00, '2025-09-27 02:05:40', '2025-09-27 02:05:40'),
(229, 60, 8, 1, 15000.00, '2025-09-27 02:06:21', '2025-09-27 02:06:21'),
(230, 60, 7, 1, 500.00, '2025-09-27 02:06:21', '2025-09-27 02:06:21'),
(231, 60, 3, 1, 14000.00, '2025-09-27 02:06:21', '2025-09-27 02:06:21'),
(232, 60, 4, 1, 1000.00, '2025-09-27 02:06:21', '2025-09-27 02:06:21'),
(234, 60, 9, 1, 14000.00, '2025-09-27 02:06:21', '2025-09-27 02:06:21'),
(235, 61, 3, 2, 14000.00, '2025-09-27 02:10:44', '2025-09-27 02:10:44'),
(236, 61, 4, 1, 1000.00, '2025-09-27 02:10:44', '2025-09-27 02:10:44'),
(237, 61, 7, 1, 500.00, '2025-09-27 02:10:44', '2025-09-27 02:10:44'),
(238, 62, 3, 5, 14000.00, '2025-09-27 02:18:58', '2025-09-27 02:18:58'),
(239, 62, 9, 1, 14000.00, '2025-09-27 02:18:58', '2025-09-27 02:18:58'),
(240, 62, 4, 2, 1000.00, '2025-09-27 02:18:58', '2025-09-27 02:18:58'),
(241, 62, 7, 1, 500.00, '2025-09-27 02:18:58', '2025-09-27 02:18:58'),
(242, 62, 2, 1, 11000.00, '2025-09-27 02:18:58', '2025-09-27 02:18:58'),
(243, 63, 3, 1, 14000.00, '2025-09-27 02:42:42', '2025-09-27 02:42:42'),
(244, 63, 4, 1, 1000.00, '2025-09-27 02:42:42', '2025-09-27 02:42:42'),
(245, 63, 7, 1, 500.00, '2025-09-27 02:42:42', '2025-09-27 02:42:42'),
(246, 64, 6, 1, 2000.00, '2025-09-27 02:45:28', '2025-09-27 02:45:28'),
(247, 64, 7, 1, 500.00, '2025-09-27 02:45:28', '2025-09-27 02:45:28'),
(248, 64, 8, 1, 15000.00, '2025-09-27 02:45:28', '2025-09-27 02:45:28'),
(249, 65, 7, 5, 500.00, '2025-09-27 03:31:04', '2025-09-27 03:31:04'),
(250, 65, 6, 4, 2000.00, '2025-09-27 03:31:04', '2025-09-27 03:31:04'),
(251, 65, 10, 7, 6000.00, '2025-09-27 03:31:04', '2025-09-27 03:31:04'),
(252, 65, 8, 5, 15000.00, '2025-09-27 03:31:04', '2025-09-27 03:31:04'),
(253, 65, 4, 1, 1000.00, '2025-09-27 03:31:04', '2025-09-27 03:31:04'),
(254, 65, 9, 1, 14000.00, '2025-09-27 03:31:04', '2025-09-27 03:31:04'),
(255, 65, 2, 1, 11000.00, '2025-09-27 03:31:04', '2025-09-27 03:31:04'),
(256, 65, 3, 1, 14000.00, '2025-09-27 03:31:04', '2025-09-27 03:31:04'),
(257, 66, 8, 1, 15000.00, '2025-09-27 03:58:02', '2025-09-27 03:58:02'),
(258, 66, 9, 1, 14000.00, '2025-09-27 03:58:02', '2025-09-27 03:58:02'),
(259, 66, 10, 1, 6000.00, '2025-09-27 03:58:02', '2025-09-27 03:58:02'),
(260, 66, 7, 1, 500.00, '2025-09-27 03:58:02', '2025-09-27 03:58:02'),
(261, 66, 6, 1, 2000.00, '2025-09-27 03:58:02', '2025-09-27 03:58:02'),
(262, 67, 2, 1, 11000.00, '2025-09-27 04:06:05', '2025-09-27 04:06:05'),
(263, 67, 3, 1, 14000.00, '2025-09-27 04:06:05', '2025-09-27 04:06:05'),
(264, 67, 10, 1, 6000.00, '2025-09-27 04:06:05', '2025-09-27 04:06:05'),
(265, 68, 10, 1, 6000.00, '2025-09-27 04:13:16', '2025-09-27 04:13:16'),
(266, 68, 6, 1, 2000.00, '2025-09-27 04:13:16', '2025-09-27 04:13:16'),
(267, 68, 7, 1, 500.00, '2025-09-27 04:13:16', '2025-09-27 04:13:16'),
(268, 69, 2, 1, 11000.00, '2025-09-27 04:25:13', '2025-09-27 04:25:13'),
(269, 69, 7, 1, 500.00, '2025-09-27 04:25:14', '2025-09-27 04:25:14'),
(270, 69, 10, 1, 6000.00, '2025-09-27 04:25:14', '2025-09-27 04:25:14'),
(271, 70, 2, 1, 11000.00, '2025-09-27 04:33:44', '2025-09-27 04:33:44'),
(272, 70, 3, 1, 14000.00, '2025-09-27 04:33:44', '2025-09-27 04:33:44'),
(273, 70, 4, 1, 1000.00, '2025-09-27 04:33:44', '2025-09-27 04:33:44'),
(274, 71, 3, 1, 14000.00, '2025-09-27 04:34:13', '2025-09-27 04:34:13'),
(275, 71, 4, 1, 1000.00, '2025-09-27 04:34:13', '2025-09-27 04:34:13'),
(276, 72, 8, 2, 15000.00, '2025-09-27 04:34:36', '2025-09-27 04:34:36'),
(277, 72, 9, 1, 14000.00, '2025-09-27 04:34:36', '2025-09-27 04:34:36'),
(278, 73, 6, 1, 2000.00, '2025-09-27 04:35:35', '2025-09-27 04:35:35'),
(279, 73, 2, 1, 11000.00, '2025-09-27 04:35:35', '2025-09-27 04:35:35'),
(280, 73, 4, 1, 1000.00, '2025-09-27 04:35:35', '2025-09-27 04:35:35'),
(281, 74, 3, 1, 14000.00, '2025-09-27 05:00:17', '2025-09-27 05:00:17'),
(282, 74, 2, 1, 11000.00, '2025-09-27 05:00:17', '2025-09-27 05:00:17'),
(283, 74, 6, 1, 2000.00, '2025-09-27 05:00:17', '2025-09-27 05:00:17'),
(284, 74, 10, 1, 6000.00, '2025-09-27 05:00:17', '2025-09-27 05:00:17'),
(285, 75, 8, 1, 15000.00, '2025-09-27 05:17:52', '2025-09-27 05:17:52'),
(286, 75, 9, 1, 14000.00, '2025-09-27 05:17:52', '2025-09-27 05:17:52'),
(287, 76, 3, 1, 14000.00, '2025-09-27 05:19:51', '2025-09-27 05:19:51'),
(288, 76, 6, 1, 2000.00, '2025-09-27 05:19:51', '2025-09-27 05:19:51'),
(289, 76, 10, 1, 6000.00, '2025-09-27 05:19:51', '2025-09-27 05:19:51'),
(290, 77, 4, 1, 1000.00, '2025-09-27 05:21:48', '2025-09-27 05:21:48'),
(291, 77, 8, 1, 15000.00, '2025-09-27 05:21:48', '2025-09-27 05:21:48'),
(292, 77, 3, 1, 14000.00, '2025-09-27 05:21:48', '2025-09-27 05:21:48'),
(293, 77, 6, 1, 2000.00, '2025-09-27 05:21:48', '2025-09-27 05:21:48'),
(294, 77, 7, 1, 500.00, '2025-09-27 05:21:48', '2025-09-27 05:21:48'),
(295, 78, 4, 2, 1000.00, '2025-09-27 05:24:17', '2025-09-27 05:24:17'),
(296, 78, 3, 1, 14000.00, '2025-09-27 05:24:17', '2025-09-27 05:24:17'),
(297, 78, 7, 1, 500.00, '2025-09-27 05:24:17', '2025-09-27 05:24:17'),
(298, 79, 4, 2, 1000.00, '2025-09-27 05:27:14', '2025-09-27 05:27:14'),
(299, 79, 8, 2, 15000.00, '2025-09-27 05:27:14', '2025-09-27 05:27:14'),
(300, 79, 7, 1, 500.00, '2025-09-27 05:27:14', '2025-09-27 05:27:14'),
(301, 80, 8, 1, 15000.00, '2025-09-27 05:28:29', '2025-09-27 05:28:29'),
(302, 81, 4, 1, 1000.00, '2025-09-27 05:29:31', '2025-09-27 05:29:31'),
(303, 81, 8, 1, 15000.00, '2025-09-27 05:29:32', '2025-09-27 05:29:32'),
(304, 82, 2, 1, 11000.00, '2025-09-27 05:31:27', '2025-09-27 05:31:27'),
(305, 82, 3, 1, 14000.00, '2025-09-27 05:31:27', '2025-09-27 05:31:27'),
(306, 83, 3, 1, 14000.00, '2025-09-27 05:32:59', '2025-09-27 05:32:59'),
(307, 83, 7, 1, 500.00, '2025-09-27 05:32:59', '2025-09-27 05:32:59'),
(308, 84, 3, 2, 14000.00, '2025-09-27 05:40:50', '2025-09-27 05:40:50'),
(309, 85, 8, 2, 15000.00, '2025-09-27 05:40:57', '2025-09-27 05:40:57'),
(310, 85, 4, 1, 1000.00, '2025-09-27 05:40:57', '2025-09-27 05:40:57'),
(311, 85, 7, 1, 500.00, '2025-09-27 05:40:57', '2025-09-27 05:40:57'),
(312, 86, 2, 1, 11000.00, '2025-09-27 05:41:47', '2025-09-27 05:41:47'),
(313, 86, 3, 1, 14000.00, '2025-09-27 05:41:47', '2025-09-27 05:41:47'),
(314, 86, 7, 1, 500.00, '2025-09-27 05:41:47', '2025-09-27 05:41:47'),
(315, 87, 7, 1, 500.00, '2025-09-27 05:42:34', '2025-09-27 05:42:34'),
(316, 87, 3, 1, 14000.00, '2025-09-27 05:42:34', '2025-09-27 05:42:34'),
(317, 87, 2, 1, 11000.00, '2025-09-27 05:42:34', '2025-09-27 05:42:34'),
(318, 87, 6, 1, 2000.00, '2025-09-27 05:42:34', '2025-09-27 05:42:34'),
(319, 87, 10, 1, 6000.00, '2025-09-27 05:42:34', '2025-09-27 05:42:34'),
(320, 87, 8, 1, 15000.00, '2025-09-27 05:42:34', '2025-09-27 05:42:34'),
(321, 88, 3, 1, 14000.00, '2025-09-27 08:50:33', '2025-09-27 08:50:33'),
(322, 88, 2, 1, 11000.00, '2025-09-27 08:50:33', '2025-09-27 08:50:33'),
(323, 88, 6, 1, 2000.00, '2025-09-27 08:50:33', '2025-09-27 08:50:33'),
(324, 89, 6, 1, 2000.00, '2025-09-28 05:01:23', '2025-09-28 05:01:23'),
(325, 89, 7, 2, 500.00, '2025-09-28 05:01:23', '2025-09-28 05:01:23'),
(326, 89, 8, 1, 15000.00, '2025-09-28 05:01:23', '2025-09-28 05:01:23'),
(327, 90, 6, 1, 2000.00, '2025-09-28 05:38:24', '2025-09-28 05:38:24'),
(328, 90, 7, 2, 500.00, '2025-09-28 05:38:24', '2025-09-28 05:38:24'),
(329, 90, 8, 1, 15000.00, '2025-09-28 05:38:24', '2025-09-28 05:38:24'),
(331, 90, 4, 1, 1000.00, '2025-09-28 05:38:24', '2025-09-28 05:38:24'),
(332, 91, 4, 1, 1000.00, '2025-09-28 05:38:32', '2025-09-28 05:38:32'),
(333, 91, 3, 2, 14000.00, '2025-09-28 05:38:32', '2025-09-28 05:38:32'),
(334, 91, 8, 1, 15000.00, '2025-09-28 05:38:32', '2025-09-28 05:38:32'),
(335, 92, 10, 2, 6000.00, '2025-09-28 05:38:42', '2025-09-28 05:38:42'),
(336, 92, 6, 3, 2000.00, '2025-09-28 05:38:42', '2025-09-28 05:38:42'),
(337, 92, 7, 2, 500.00, '2025-09-28 05:38:42', '2025-09-28 05:38:42'),
(338, 92, 2, 1, 11000.00, '2025-09-28 05:38:42', '2025-09-28 05:38:42'),
(339, 92, 3, 7, 14000.00, '2025-09-28 05:38:42', '2025-09-28 05:38:42'),
(340, 92, 4, 2, 1000.00, '2025-09-28 05:38:42', '2025-09-28 05:38:42'),
(341, 92, 8, 1, 15000.00, '2025-09-28 05:38:42', '2025-09-28 05:38:42'),
(342, 93, 7, 1, 500.00, '2025-09-28 05:38:50', '2025-09-28 05:38:50'),
(343, 93, 3, 1, 14000.00, '2025-09-28 05:38:50', '2025-09-28 05:38:50'),
(344, 93, 4, 1, 1000.00, '2025-09-28 05:38:50', '2025-09-28 05:38:50'),
(345, 93, 8, 1, 15000.00, '2025-09-28 05:38:50', '2025-09-28 05:38:50'),
(347, 93, 9, 1, 14000.00, '2025-09-28 05:38:50', '2025-09-28 05:38:50'),
(348, 93, 10, 1, 6000.00, '2025-09-28 05:38:50', '2025-09-28 05:38:50'),
(349, 93, 6, 1, 2000.00, '2025-09-28 05:38:50', '2025-09-28 05:38:50'),
(350, 93, 2, 1, 11000.00, '2025-09-28 05:38:50', '2025-09-28 05:38:50'),
(351, 94, 3, 1, 14000.00, '2025-09-28 05:59:21', '2025-09-28 05:59:21'),
(352, 94, 2, 1, 11000.00, '2025-09-28 05:59:21', '2025-09-28 05:59:21'),
(353, 94, 6, 1, 2000.00, '2025-09-28 05:59:22', '2025-09-28 05:59:22'),
(354, 94, 7, 1, 500.00, '2025-09-28 05:59:22', '2025-09-28 05:59:22'),
(355, 94, 9, 1, 14000.00, '2025-09-28 05:59:22', '2025-09-28 05:59:22'),
(356, 94, 8, 2, 15000.00, '2025-09-28 05:59:22', '2025-09-28 05:59:22'),
(357, 95, 3, 2, 14000.00, '2025-09-28 06:32:55', '2025-09-28 06:32:55'),
(358, 95, 2, 2, 11000.00, '2025-09-28 06:32:55', '2025-09-28 06:32:55'),
(359, 95, 6, 1, 2000.00, '2025-09-28 06:32:55', '2025-09-28 06:32:55'),
(360, 95, 7, 1, 500.00, '2025-09-28 06:32:55', '2025-09-28 06:32:55'),
(361, 95, 9, 1, 14000.00, '2025-09-28 06:32:55', '2025-09-28 06:32:55'),
(362, 95, 8, 2, 15000.00, '2025-09-28 06:32:55', '2025-09-28 06:32:55'),
(363, 96, 8, 1, 15000.00, '2025-09-28 06:33:05', '2025-09-28 06:33:05'),
(364, 96, 9, 1, 14000.00, '2025-09-28 06:33:05', '2025-09-28 06:33:05'),
(365, 96, 10, 1, 6000.00, '2025-09-28 06:33:05', '2025-09-28 06:33:05'),
(366, 97, 8, 1, 15000.00, '2025-09-28 06:33:13', '2025-09-28 06:33:13'),
(367, 97, 9, 1, 14000.00, '2025-09-28 06:33:13', '2025-09-28 06:33:13'),
(368, 97, 10, 2, 6000.00, '2025-09-28 06:33:13', '2025-09-28 06:33:13'),
(369, 97, 7, 1, 500.00, '2025-09-28 06:33:13', '2025-09-28 06:33:13'),
(370, 97, 6, 1, 2000.00, '2025-09-28 06:33:13', '2025-09-28 06:33:13'),
(371, 97, 3, 1, 14000.00, '2025-09-28 06:33:13', '2025-09-28 06:33:13'),
(373, 98, 8, 1, 15000.00, '2025-09-28 06:46:34', '2025-09-28 06:46:34'),
(374, 98, 9, 1, 14000.00, '2025-09-28 06:46:34', '2025-09-28 06:46:34'),
(375, 98, 10, 2, 6000.00, '2025-09-28 06:46:34', '2025-09-28 06:46:34'),
(376, 98, 7, 1, 500.00, '2025-09-28 06:46:34', '2025-09-28 06:46:34'),
(377, 98, 6, 1, 2000.00, '2025-09-28 06:46:34', '2025-09-28 06:46:34'),
(378, 98, 3, 1, 14000.00, '2025-09-28 06:46:34', '2025-09-28 06:46:34'),
(380, 99, 8, 1, 15000.00, '2025-09-28 06:46:42', '2025-09-28 06:46:42'),
(381, 99, 7, 1, 500.00, '2025-09-28 06:46:42', '2025-09-28 06:46:42'),
(382, 99, 3, 1, 14000.00, '2025-09-28 06:46:42', '2025-09-28 06:46:42'),
(383, 100, 8, 1, 15000.00, '2025-09-28 06:46:55', '2025-09-28 06:46:55'),
(384, 100, 7, 1, 500.00, '2025-09-28 06:46:55', '2025-09-28 06:46:55'),
(385, 100, 3, 1, 14000.00, '2025-09-28 06:46:55', '2025-09-28 06:46:55'),
(386, 100, 10, 7, 6000.00, '2025-09-28 06:46:55', '2025-09-28 06:46:55'),
(387, 100, 6, 1, 2000.00, '2025-09-28 06:46:55', '2025-09-28 06:46:55'),
(388, 101, 3, 1, 14000.00, '2025-09-28 06:47:05', '2025-09-28 06:47:05'),
(389, 101, 2, 1, 11000.00, '2025-09-28 06:47:05', '2025-09-28 06:47:05'),
(390, 101, 6, 1, 2000.00, '2025-09-28 06:47:05', '2025-09-28 06:47:05'),
(391, 102, 8, 1, 15000.00, '2025-09-28 11:06:01', '2025-09-28 11:06:01'),
(392, 102, 9, 1, 14000.00, '2025-09-28 11:06:01', '2025-09-28 11:06:01'),
(393, 102, 7, 1, 500.00, '2025-09-28 11:06:01', '2025-09-28 11:06:01'),
(394, 102, 3, 1, 14000.00, '2025-09-28 11:06:01', '2025-09-28 11:06:01'),
(395, 102, 4, 1, 1000.00, '2025-09-28 11:06:01', '2025-09-28 11:06:01'),
(397, 103, 4, 1, 1000.00, '2025-09-28 11:20:05', '2025-09-28 11:20:05'),
(399, 103, 3, 3, 14000.00, '2025-09-28 11:20:05', '2025-09-28 11:20:05'),
(400, 104, 2, 3, 11000.00, '2025-09-28 11:20:13', '2025-09-28 11:20:13'),
(401, 104, 6, 1, 2000.00, '2025-09-28 11:20:13', '2025-09-28 11:20:13'),
(402, 104, 9, 1, 14000.00, '2025-09-28 11:20:13', '2025-09-28 11:20:13'),
(403, 105, 2, 5, 11000.00, '2025-09-28 11:20:29', '2025-09-28 11:20:29'),
(404, 105, 6, 5, 2000.00, '2025-09-28 11:20:29', '2025-09-28 11:20:29'),
(405, 105, 9, 3, 14000.00, '2025-09-28 11:20:29', '2025-09-28 11:20:29'),
(406, 105, 10, 3, 6000.00, '2025-09-28 11:20:29', '2025-09-28 11:20:29'),
(407, 105, 7, 3, 500.00, '2025-09-28 11:20:29', '2025-09-28 11:20:29'),
(408, 105, 8, 2, 15000.00, '2025-09-28 11:20:29', '2025-09-28 11:20:29'),
(410, 105, 4, 2, 1000.00, '2025-09-28 11:20:29', '2025-09-28 11:20:29'),
(411, 105, 3, 2, 14000.00, '2025-09-28 11:20:29', '2025-09-28 11:20:29'),
(412, 106, 7, 2, 500.00, '2025-09-29 04:00:04', '2025-09-29 04:00:04'),
(413, 106, 3, 1, 14000.00, '2025-09-29 04:00:04', '2025-09-29 04:00:04'),
(414, 106, 4, 1, 1000.00, '2025-09-29 04:00:04', '2025-09-29 04:00:04'),
(415, 106, 8, 1, 15000.00, '2025-09-29 04:00:04', '2025-09-29 04:00:04'),
(416, 106, 6, 1, 2000.00, '2025-09-29 04:00:04', '2025-09-29 04:00:04'),
(417, 106, 10, 1, 6000.00, '2025-09-29 04:00:04', '2025-09-29 04:00:04'),
(418, 106, 2, 1, 11000.00, '2025-09-29 04:00:04', '2025-09-29 04:00:04'),
(419, 107, 7, 2, 500.00, '2025-09-29 04:00:11', '2025-09-29 04:00:11'),
(420, 107, 3, 2, 14000.00, '2025-09-29 04:00:11', '2025-09-29 04:00:11'),
(421, 107, 4, 3, 1000.00, '2025-09-29 04:00:11', '2025-09-29 04:00:11'),
(422, 107, 8, 1, 15000.00, '2025-09-29 04:00:11', '2025-09-29 04:00:11'),
(423, 107, 6, 1, 2000.00, '2025-09-29 04:00:11', '2025-09-29 04:00:11'),
(424, 107, 10, 1, 6000.00, '2025-09-29 04:00:12', '2025-09-29 04:00:12'),
(425, 107, 2, 1, 11000.00, '2025-09-29 04:00:12', '2025-09-29 04:00:12'),
(427, 108, 4, 1, 1000.00, '2025-09-29 04:00:19', '2025-09-29 04:00:19'),
(428, 108, 8, 1, 15000.00, '2025-09-29 04:00:19', '2025-09-29 04:00:19'),
(430, 109, 4, 1, 1000.00, '2025-09-29 04:00:28', '2025-09-29 04:00:28'),
(431, 109, 8, 2, 15000.00, '2025-09-29 04:00:28', '2025-09-29 04:00:28'),
(432, 109, 3, 1, 14000.00, '2025-09-29 04:00:28', '2025-09-29 04:00:28'),
(433, 109, 7, 1, 500.00, '2025-09-29 04:00:28', '2025-09-29 04:00:28'),
(434, 110, 10, 1, 6000.00, '2025-09-29 04:24:44', '2025-09-29 04:24:44'),
(435, 110, 4, 1, 1000.00, '2025-09-29 04:24:44', '2025-09-29 04:24:44'),
(437, 111, 2, 4, 11000.00, '2025-09-29 05:49:11', '2025-09-29 05:49:11'),
(438, 111, 3, 3, 14000.00, '2025-09-29 05:49:11', '2025-09-29 05:49:11'),
(439, 111, 4, 3, 1000.00, '2025-09-29 05:49:11', '2025-09-29 05:49:11'),
(440, 111, 10, 7, 6000.00, '2025-09-29 05:49:11', '2025-09-29 05:49:11'),
(442, 111, 6, 2, 2000.00, '2025-09-29 05:49:11', '2025-09-29 05:49:11'),
(443, 111, 7, 2, 500.00, '2025-09-29 05:49:11', '2025-09-29 05:49:11'),
(444, 111, 8, 1, 15000.00, '2025-09-29 05:49:11', '2025-09-29 05:49:11'),
(445, 111, 9, 1, 14000.00, '2025-09-29 05:49:11', '2025-09-29 05:49:11'),
(446, 112, 3, 1, 14000.00, '2025-09-29 05:49:20', '2025-09-29 05:49:20'),
(448, 113, 7, 1, 500.00, '2025-09-29 05:49:28', '2025-09-29 05:49:28'),
(449, 113, 6, 1, 2000.00, '2025-09-29 05:49:28', '2025-09-29 05:49:28'),
(450, 113, 10, 1, 6000.00, '2025-09-29 05:49:28', '2025-09-29 05:49:28'),
(451, 114, 7, 1, 500.00, '2025-09-29 06:43:06', '2025-09-29 06:43:06'),
(452, 114, 6, 1, 2000.00, '2025-09-29 06:43:06', '2025-09-29 06:43:06'),
(453, 114, 10, 1, 6000.00, '2025-09-29 06:43:06', '2025-09-29 06:43:06'),
(454, 114, 2, 1, 11000.00, '2025-09-29 06:43:06', '2025-09-29 06:43:06'),
(455, 114, 3, 1, 14000.00, '2025-09-29 06:43:06', '2025-09-29 06:43:06'),
(456, 114, 4, 1, 1000.00, '2025-09-29 06:43:06', '2025-09-29 06:43:06'),
(457, 115, 7, 1, 500.00, '2025-09-29 10:41:30', '2025-09-29 10:41:30'),
(458, 115, 6, 1, 2000.00, '2025-09-29 10:41:30', '2025-09-29 10:41:30'),
(459, 115, 10, 1, 6000.00, '2025-09-29 10:41:30', '2025-09-29 10:41:30'),
(460, 115, 2, 1, 11000.00, '2025-09-29 10:41:30', '2025-09-29 10:41:30'),
(461, 115, 3, 1, 14000.00, '2025-09-29 10:41:30', '2025-09-29 10:41:30'),
(462, 115, 4, 1, 1000.00, '2025-09-29 10:41:30', '2025-09-29 10:41:30'),
(463, 116, 2, 1, 11000.00, '2025-09-29 11:58:08', '2025-09-29 11:58:08'),
(464, 116, 3, 1, 14000.00, '2025-09-29 11:58:08', '2025-09-29 11:58:08'),
(465, 116, 8, 1, 15000.00, '2025-09-29 11:58:08', '2025-09-29 11:58:08'),
(466, 116, 9, 1, 14000.00, '2025-09-29 11:58:08', '2025-09-29 11:58:08'),
(467, 116, 4, 1, 1000.00, '2025-09-29 11:58:08', '2025-09-29 11:58:08'),
(468, 117, 6, 2, 2000.00, '2025-09-29 11:59:19', '2025-09-29 11:59:19'),
(469, 117, 7, 1, 500.00, '2025-09-29 11:59:19', '2025-09-29 11:59:19'),
(470, 117, 4, 1, 1000.00, '2025-09-29 11:59:19', '2025-09-29 11:59:19'),
(471, 118, 4, 1, 1000.00, '2025-09-29 11:59:56', '2025-09-29 11:59:56'),
(472, 118, 9, 2, 14000.00, '2025-09-29 11:59:56', '2025-09-29 11:59:56'),
(473, 118, 2, 1, 11000.00, '2025-09-29 11:59:56', '2025-09-29 11:59:56'),
(474, 118, 8, 1, 15000.00, '2025-09-29 11:59:56', '2025-09-29 11:59:56'),
(475, 119, 4, 1, 1000.00, '2025-09-29 12:10:55', '2025-09-29 12:10:55'),
(476, 119, 3, 3, 14000.00, '2025-09-29 12:10:55', '2025-09-29 12:10:55'),
(477, 119, 9, 1, 14000.00, '2025-09-29 12:10:55', '2025-09-29 12:10:55'),
(478, 119, 2, 1, 11000.00, '2025-09-29 12:10:55', '2025-09-29 12:10:55'),
(479, 120, 11, 1, 10000.00, '2025-09-29 12:21:11', '2025-09-29 12:21:11'),
(480, 120, 10, 2, 6000.00, '2025-09-29 12:21:11', '2025-09-29 12:21:11'),
(481, 120, 4, 5, 1000.00, '2025-09-29 12:21:11', '2025-09-29 12:21:11'),
(482, 120, 3, 2, 14000.00, '2025-09-29 12:21:11', '2025-09-29 12:21:11'),
(483, 120, 9, 1, 14000.00, '2025-09-29 12:21:11', '2025-09-29 12:21:11'),
(484, 121, 11, 1, 10000.00, '2025-09-29 13:43:39', '2025-09-29 13:43:39'),
(485, 121, 10, 1, 6000.00, '2025-09-29 13:43:39', '2025-09-29 13:43:39'),
(486, 121, 9, 1, 14000.00, '2025-09-29 13:43:39', '2025-09-29 13:43:39'),
(487, 121, 8, 1, 15000.00, '2025-09-29 13:43:39', '2025-09-29 13:43:39'),
(488, 122, 2, 3, 11000.00, '2025-09-29 13:44:09', '2025-09-29 13:44:09'),
(489, 122, 4, 1, 1000.00, '2025-09-29 13:44:09', '2025-09-29 13:44:09'),
(491, 123, 10, 1, 6000.00, '2025-09-29 15:07:15', '2025-09-29 15:07:15'),
(492, 123, 9, 5, 14000.00, '2025-09-29 15:07:15', '2025-09-29 15:07:15'),
(493, 123, 8, 5, 15000.00, '2025-09-29 15:07:15', '2025-09-29 15:07:15'),
(494, 124, 6, 1, 2000.00, '2025-09-29 15:07:27', '2025-09-29 15:07:27'),
(495, 124, 7, 1, 500.00, '2025-09-29 15:07:27', '2025-09-29 15:07:27'),
(497, 124, 3, 3, 14000.00, '2025-09-29 15:07:27', '2025-09-29 15:07:27'),
(498, 124, 9, 2, 14000.00, '2025-09-29 15:07:27', '2025-09-29 15:07:27'),
(499, 124, 4, 2, 1000.00, '2025-09-29 15:07:27', '2025-09-29 15:07:27'),
(500, 124, 10, 1, 6000.00, '2025-09-29 15:07:27', '2025-09-29 15:07:27'),
(501, 124, 11, 1, 10000.00, '2025-09-29 15:07:27', '2025-09-29 15:07:27'),
(502, 125, 6, 1, 2000.00, '2025-09-29 15:09:04', '2025-09-29 15:09:04'),
(503, 125, 7, 1, 500.00, '2025-09-29 15:09:04', '2025-09-29 15:09:04'),
(505, 125, 3, 4, 14000.00, '2025-09-29 15:09:04', '2025-09-29 15:09:04'),
(506, 125, 9, 3, 14000.00, '2025-09-29 15:09:04', '2025-09-29 15:09:04'),
(507, 125, 4, 3, 1000.00, '2025-09-29 15:09:04', '2025-09-29 15:09:04'),
(508, 125, 10, 2, 6000.00, '2025-09-29 15:09:04', '2025-09-29 15:09:04'),
(509, 125, 11, 2, 10000.00, '2025-09-29 15:09:04', '2025-09-29 15:09:04'),
(510, 126, 2, 1, 11000.00, '2025-09-29 15:09:16', '2025-09-29 15:09:16'),
(511, 126, 3, 1, 14000.00, '2025-09-29 15:09:16', '2025-09-29 15:09:16'),
(512, 126, 4, 1, 1000.00, '2025-09-29 15:09:16', '2025-09-29 15:09:16'),
(513, 126, 10, 1, 6000.00, '2025-09-29 15:09:16', '2025-09-29 15:09:16'),
(514, 126, 11, 1, 10000.00, '2025-09-29 15:09:16', '2025-09-29 15:09:16'),
(515, 127, 2, 1, 11000.00, '2025-09-29 15:09:35', '2025-09-29 15:09:35'),
(516, 127, 3, 1, 14000.00, '2025-09-29 15:09:35', '2025-09-29 15:09:35'),
(518, 127, 11, 1, 10000.00, '2025-09-29 15:09:36', '2025-09-29 15:09:36'),
(519, 127, 10, 1, 6000.00, '2025-09-29 15:09:36', '2025-09-29 15:09:36'),
(520, 127, 9, 1, 14000.00, '2025-09-29 15:09:36', '2025-09-29 15:09:36'),
(521, 127, 8, 1, 15000.00, '2025-09-29 15:09:36', '2025-09-29 15:09:36'),
(522, 127, 6, 1, 2000.00, '2025-09-29 15:09:36', '2025-09-29 15:09:36'),
(523, 127, 7, 1, 500.00, '2025-09-29 15:09:36', '2025-09-29 15:09:36'),
(524, 128, 3, 1, 14000.00, '2025-09-29 15:09:50', '2025-09-29 15:09:50'),
(525, 128, 9, 5, 14000.00, '2025-09-29 15:09:50', '2025-09-29 15:09:50'),
(526, 128, 10, 1, 6000.00, '2025-09-29 15:09:50', '2025-09-29 15:09:50'),
(527, 128, 11, 1, 10000.00, '2025-09-29 15:09:50', '2025-09-29 15:09:50'),
(528, 128, 8, 3, 15000.00, '2025-09-29 15:09:51', '2025-09-29 15:09:51'),
(529, 129, 3, 2, 14000.00, '2025-09-29 15:10:02', '2025-09-29 15:10:02'),
(530, 129, 9, 6, 14000.00, '2025-09-29 15:10:02', '2025-09-29 15:10:02'),
(531, 129, 10, 2, 6000.00, '2025-09-29 15:10:02', '2025-09-29 15:10:02'),
(532, 129, 11, 2, 10000.00, '2025-09-29 15:10:02', '2025-09-29 15:10:02'),
(533, 129, 8, 3, 15000.00, '2025-09-29 15:10:02', '2025-09-29 15:10:02'),
(535, 129, 6, 1, 2000.00, '2025-09-29 15:10:02', '2025-09-29 15:10:02'),
(536, 129, 7, 1, 500.00, '2025-09-29 15:10:02', '2025-09-29 15:10:02'),
(537, 129, 4, 1, 1000.00, '2025-09-29 15:10:02', '2025-09-29 15:10:02'),
(538, 129, 2, 1, 11000.00, '2025-09-29 15:10:02', '2025-09-29 15:10:02'),
(539, 130, 6, 1, 2000.00, '2025-09-29 16:10:34', '2025-09-29 16:10:34'),
(540, 130, 7, 1, 500.00, '2025-09-29 16:10:34', '2025-09-29 16:10:34'),
(542, 130, 11, 1, 10000.00, '2025-09-29 16:10:34', '2025-09-29 16:10:34'),
(543, 130, 4, 1, 1000.00, '2025-09-29 16:10:34', '2025-09-29 16:10:34'),
(544, 130, 10, 1, 6000.00, '2025-09-29 16:10:34', '2025-09-29 16:10:34'),
(545, 131, 10, 1, 6000.00, '2025-09-29 16:10:43', '2025-09-29 16:10:43'),
(546, 131, 9, 1, 14000.00, '2025-09-29 16:10:43', '2025-09-29 16:10:43'),
(547, 131, 8, 1, 15000.00, '2025-09-29 16:10:43', '2025-09-29 16:10:43'),
(548, 131, 6, 2, 2000.00, '2025-09-29 16:10:43', '2025-09-29 16:10:43'),
(549, 132, 10, 2, 6000.00, '2025-09-29 16:10:49', '2025-09-29 16:10:49'),
(550, 132, 9, 1, 14000.00, '2025-09-29 16:10:50', '2025-09-29 16:10:50'),
(551, 132, 8, 1, 15000.00, '2025-09-29 16:10:50', '2025-09-29 16:10:50'),
(552, 132, 6, 2, 2000.00, '2025-09-29 16:10:50', '2025-09-29 16:10:50'),
(553, 132, 11, 1, 10000.00, '2025-09-29 16:10:50', '2025-09-29 16:10:50'),
(554, 132, 4, 1, 1000.00, '2025-09-29 16:10:50', '2025-09-29 16:10:50'),
(555, 133, 7, 2, 500.00, '2025-09-29 16:29:29', '2025-09-29 16:29:29'),
(556, 133, 8, 1, 15000.00, '2025-09-29 16:29:30', '2025-09-29 16:29:30'),
(557, 134, 12, 1, 2000.00, '2025-09-29 17:56:59', '2025-09-29 17:56:59'),
(558, 134, 6, 1, 2000.00, '2025-09-29 17:56:59', '2025-09-29 17:56:59'),
(559, 134, 7, 1, 500.00, '2025-09-29 17:56:59', '2025-09-29 17:56:59'),
(560, 134, 8, 1, 15000.00, '2025-09-29 17:56:59', '2025-09-29 17:56:59'),
(561, 135, 2, 1, 11000.00, '2025-09-29 18:33:58', '2025-09-29 18:33:58'),
(562, 135, 3, 2, 14000.00, '2025-09-29 18:33:58', '2025-09-29 18:33:58'),
(563, 135, 6, 2, 2000.00, '2025-09-29 18:33:58', '2025-09-29 18:33:58'),
(564, 135, 4, 1, 1000.00, '2025-09-29 18:33:58', '2025-09-29 18:33:58'),
(565, 135, 7, 1, 500.00, '2025-09-29 18:33:58', '2025-09-29 18:33:58'),
(566, 135, 12, 1, 2000.00, '2025-09-29 18:33:58', '2025-09-29 18:33:58'),
(567, 135, 8, 1, 15000.00, '2025-09-29 18:33:58', '2025-09-29 18:33:58'),
(568, 136, 6, 1, 2000.00, '2025-09-29 18:35:06', '2025-09-29 18:35:06'),
(569, 136, 7, 1, 500.00, '2025-09-29 18:35:06', '2025-09-29 18:35:06'),
(570, 136, 12, 1, 2000.00, '2025-09-29 18:35:06', '2025-09-29 18:35:06'),
(571, 136, 4, 1, 1000.00, '2025-09-29 18:35:06', '2025-09-29 18:35:06'),
(572, 136, 11, 1, 10000.00, '2025-09-29 18:35:07', '2025-09-29 18:35:07'),
(573, 136, 10, 1, 6000.00, '2025-09-29 18:35:07', '2025-09-29 18:35:07'),
(574, 137, 11, 1, 10000.00, '2025-09-29 18:39:31', '2025-09-29 18:39:31'),
(575, 137, 4, 1, 1000.00, '2025-09-29 18:39:31', '2025-09-29 18:39:31'),
(576, 137, 3, 1, 14000.00, '2025-09-29 18:39:31', '2025-09-29 18:39:31'),
(577, 137, 10, 1, 6000.00, '2025-09-29 18:39:31', '2025-09-29 18:39:31'),
(578, 138, 12, 1, 2000.00, '2025-09-29 18:39:57', '2025-09-29 18:39:57'),
(579, 138, 6, 1, 2000.00, '2025-09-29 18:39:57', '2025-09-29 18:39:57'),
(580, 139, 12, 3, 2000.00, '2025-09-29 18:44:12', '2025-09-29 18:44:12'),
(581, 139, 11, 1, 10000.00, '2025-09-29 18:44:12', '2025-09-29 18:44:12'),
(582, 139, 3, 1, 14000.00, '2025-09-29 18:44:12', '2025-09-29 18:44:12'),
(583, 140, 4, 8, 1000.00, '2025-09-29 19:04:12', '2025-09-29 19:04:12'),
(584, 140, 11, 7, 10000.00, '2025-09-29 19:04:12', '2025-09-29 19:04:12'),
(585, 140, 6, 2, 2000.00, '2025-09-29 19:04:12', '2025-09-29 19:04:12'),
(586, 140, 12, 3, 2000.00, '2025-09-29 19:04:12', '2025-09-29 19:04:12'),
(587, 140, 10, 1, 6000.00, '2025-09-29 19:04:12', '2025-09-29 19:04:12'),
(588, 141, 6, 3, 2000.00, '2025-09-30 04:48:50', '2025-09-30 04:48:50'),
(589, 141, 4, 1, 1000.00, '2025-09-30 04:48:50', '2025-09-30 04:48:50'),
(590, 141, 12, 2, 2000.00, '2025-09-30 04:48:50', '2025-09-30 04:48:50'),
(591, 142, 2, 1, 11000.00, '2025-09-30 05:09:42', '2025-09-30 05:09:42'),
(592, 142, 3, 1, 14000.00, '2025-09-30 05:09:42', '2025-09-30 05:09:42'),
(593, 142, 4, 1, 1000.00, '2025-09-30 05:09:42', '2025-09-30 05:09:42'),
(594, 143, 4, 1, 1000.00, '2025-09-30 05:36:46', '2025-09-30 05:36:46'),
(595, 144, 2, 1, 11000.00, '2025-09-30 05:59:16', '2025-09-30 05:59:16'),
(596, 144, 11, 1, 10000.00, '2025-09-30 05:59:16', '2025-09-30 05:59:16'),
(597, 145, 12, 1, 2000.00, '2025-09-30 06:21:07', '2025-09-30 06:21:07'),
(598, 145, 9, 1, 14000.00, '2025-09-30 06:21:07', '2025-09-30 06:21:07'),
(599, 145, 10, 1, 6000.00, '2025-09-30 06:21:07', '2025-09-30 06:21:07'),
(600, 146, 12, 1, 2000.00, '2025-09-30 07:04:08', '2025-09-30 07:04:08'),
(601, 146, 11, 1, 10000.00, '2025-09-30 07:04:08', '2025-09-30 07:04:08'),
(602, 146, 10, 1, 6000.00, '2025-09-30 07:04:08', '2025-09-30 07:04:08'),
(603, 146, 9, 2, 14000.00, '2025-09-30 07:04:08', '2025-09-30 07:04:08'),
(604, 146, 8, 1, 15000.00, '2025-09-30 07:04:08', '2025-09-30 07:04:08'),
(605, 147, 6, 1, 2000.00, '2025-09-30 08:33:19', '2025-09-30 08:33:19'),
(606, 147, 12, 1, 2000.00, '2025-09-30 08:33:19', '2025-09-30 08:33:19'),
(607, 147, 11, 1, 10000.00, '2025-09-30 08:33:20', '2025-09-30 08:33:20'),
(608, 147, 4, 1, 1000.00, '2025-09-30 08:33:20', '2025-09-30 08:33:20'),
(609, 148, 9, 1, 14000.00, '2025-09-30 08:33:43', '2025-09-30 08:33:43'),
(610, 148, 10, 1, 6000.00, '2025-09-30 08:33:44', '2025-09-30 08:33:44'),
(611, 148, 3, 1, 14000.00, '2025-09-30 08:33:44', '2025-09-30 08:33:44'),
(612, 148, 11, 1, 10000.00, '2025-09-30 08:33:44', '2025-09-30 08:33:44'),
(613, 148, 4, 1, 1000.00, '2025-09-30 08:33:44', '2025-09-30 08:33:44'),
(614, 149, 12, 2, 2000.00, '2025-09-30 08:33:57', '2025-09-30 08:33:57'),
(615, 149, 11, 2, 10000.00, '2025-09-30 08:33:57', '2025-09-30 08:33:57'),
(616, 149, 4, 1, 1000.00, '2025-09-30 08:33:57', '2025-09-30 08:33:57'),
(617, 149, 6, 1, 2000.00, '2025-09-30 08:33:57', '2025-09-30 08:33:57'),
(618, 149, 7, 1, 500.00, '2025-09-30 08:33:57', '2025-09-30 08:33:57'),
(619, 149, 8, 1, 15000.00, '2025-09-30 08:33:57', '2025-09-30 08:33:57'),
(620, 149, 10, 1, 6000.00, '2025-09-30 08:33:57', '2025-09-30 08:33:57'),
(621, 149, 3, 1, 14000.00, '2025-09-30 08:33:57', '2025-09-30 08:33:57'),
(622, 150, 7, 1, 500.00, '2025-09-30 08:34:10', '2025-09-30 08:34:10'),
(623, 150, 8, 1, 15000.00, '2025-09-30 08:34:10', '2025-09-30 08:34:10'),
(624, 150, 3, 5, 14000.00, '2025-09-30 08:34:10', '2025-09-30 08:34:10'),
(625, 150, 10, 1, 6000.00, '2025-09-30 08:34:10', '2025-09-30 08:34:10'),
(626, 151, 2, 1, 11000.00, '2025-09-30 08:34:26', '2025-09-30 08:34:26'),
(627, 151, 3, 1, 14000.00, '2025-09-30 08:34:26', '2025-09-30 08:34:26'),
(628, 151, 4, 1, 1000.00, '2025-09-30 08:34:26', '2025-09-30 08:34:26'),
(629, 151, 6, 1, 2000.00, '2025-09-30 08:34:26', '2025-09-30 08:34:26'),
(630, 151, 10, 1, 6000.00, '2025-09-30 08:34:26', '2025-09-30 08:34:26'),
(631, 151, 11, 1, 10000.00, '2025-09-30 08:34:26', '2025-09-30 08:34:26'),
(632, 151, 9, 1, 14000.00, '2025-09-30 08:34:26', '2025-09-30 08:34:26'),
(633, 152, 7, 1, 500.00, '2025-09-30 08:34:36', '2025-09-30 08:34:36'),
(634, 152, 6, 1, 2000.00, '2025-09-30 08:34:36', '2025-09-30 08:34:36'),
(635, 152, 12, 1, 2000.00, '2025-09-30 08:34:36', '2025-09-30 08:34:36'),
(636, 152, 4, 1, 1000.00, '2025-09-30 08:34:36', '2025-09-30 08:34:36'),
(637, 153, 8, 1, 15000.00, '2025-09-30 09:17:30', '2025-09-30 09:17:30'),
(638, 153, 6, 2, 2000.00, '2025-09-30 09:17:30', '2025-09-30 09:17:30'),
(639, 154, 8, 1, 15000.00, '2025-09-30 09:27:06', '2025-09-30 09:27:06'),
(640, 154, 6, 2, 2000.00, '2025-09-30 09:27:06', '2025-09-30 09:27:06'),
(641, 155, 11, 1, 10000.00, '2025-09-30 09:27:59', '2025-09-30 09:27:59'),
(642, 155, 12, 1, 2000.00, '2025-09-30 09:27:59', '2025-09-30 09:27:59'),
(643, 155, 10, 1, 6000.00, '2025-09-30 09:27:59', '2025-09-30 09:27:59'),
(644, 155, 9, 2, 14000.00, '2025-09-30 09:27:59', '2025-09-30 09:27:59'),
(645, 156, 10, 1, 6000.00, '2025-09-30 09:28:09', '2025-09-30 09:28:09'),
(646, 156, 3, 1, 14000.00, '2025-09-30 09:28:09', '2025-09-30 09:28:09'),
(647, 156, 2, 1, 11000.00, '2025-09-30 09:28:09', '2025-09-30 09:28:09'),
(648, 156, 4, 1, 1000.00, '2025-09-30 09:28:09', '2025-09-30 09:28:09'),
(649, 156, 6, 1, 2000.00, '2025-09-30 09:28:09', '2025-09-30 09:28:09'),
(650, 157, 10, 3, 6000.00, '2025-09-30 15:24:00', '2025-09-30 15:24:00'),
(651, 157, 9, 1, 14000.00, '2025-09-30 15:24:00', '2025-09-30 15:24:00'),
(652, 157, 4, 1, 1000.00, '2025-09-30 15:24:00', '2025-09-30 15:24:00'),
(653, 157, 11, 1, 10000.00, '2025-09-30 15:24:00', '2025-09-30 15:24:00'),
(654, 157, 3, 1, 14000.00, '2025-09-30 15:24:00', '2025-09-30 15:24:00'),
(655, 158, 11, 1, 10000.00, '2025-09-30 15:24:09', '2025-09-30 15:24:09'),
(656, 158, 10, 1, 6000.00, '2025-09-30 15:24:09', '2025-09-30 15:24:09'),
(657, 158, 9, 1, 14000.00, '2025-09-30 15:24:09', '2025-09-30 15:24:09'),
(658, 158, 2, 2, 11000.00, '2025-09-30 15:24:09', '2025-09-30 15:24:09'),
(659, 159, 10, 1, 6000.00, '2025-09-30 15:24:18', '2025-09-30 15:24:18'),
(660, 159, 3, 1, 14000.00, '2025-09-30 15:24:18', '2025-09-30 15:24:18'),
(661, 159, 2, 1, 11000.00, '2025-09-30 15:24:18', '2025-09-30 15:24:18'),
(662, 160, 11, 1, 10000.00, '2025-09-30 16:26:38', '2025-09-30 16:26:38'),
(663, 161, 12, 1, 2000.00, '2025-09-30 16:39:32', '2025-09-30 16:39:32'),
(664, 161, 6, 1, 2000.00, '2025-09-30 16:39:32', '2025-09-30 16:39:32'),
(665, 161, 7, 1, 500.00, '2025-09-30 16:39:32', '2025-09-30 16:39:32'),
(666, 162, 6, 2, 2000.00, '2025-09-30 16:55:17', '2025-09-30 16:55:17'),
(667, 162, 4, 1, 1000.00, '2025-09-30 16:55:17', '2025-09-30 16:55:17'),
(668, 163, 6, 1, 2000.00, '2025-09-30 18:08:47', '2025-09-30 18:08:47'),
(669, 163, 4, 1, 1000.00, '2025-09-30 18:08:47', '2025-09-30 18:08:47'),
(670, 163, 3, 1, 14000.00, '2025-09-30 18:08:47', '2025-09-30 18:08:47'),
(671, 163, 12, 1, 2000.00, '2025-09-30 18:08:47', '2025-09-30 18:08:47'),
(672, 164, 10, 2, 6000.00, '2025-09-30 18:09:03', '2025-09-30 18:09:03'),
(673, 164, 9, 2, 14000.00, '2025-09-30 18:09:04', '2025-09-30 18:09:04'),
(674, 164, 8, 1, 15000.00, '2025-09-30 18:09:04', '2025-09-30 18:09:04'),
(675, 165, 3, 1, 14000.00, '2025-09-30 18:09:23', '2025-09-30 18:09:23'),
(676, 165, 4, 1, 1000.00, '2025-09-30 18:09:23', '2025-09-30 18:09:23'),
(677, 165, 2, 2, 11000.00, '2025-09-30 18:09:23', '2025-09-30 18:09:23'),
(678, 165, 9, 1, 14000.00, '2025-09-30 18:09:23', '2025-09-30 18:09:23'),
(679, 165, 10, 2, 6000.00, '2025-09-30 18:09:23', '2025-09-30 18:09:23'),
(680, 165, 11, 1, 10000.00, '2025-09-30 18:09:23', '2025-09-30 18:09:23'),
(681, 165, 12, 1, 2000.00, '2025-09-30 18:09:23', '2025-09-30 18:09:23'),
(682, 165, 6, 1, 2000.00, '2025-09-30 18:09:23', '2025-09-30 18:09:23'),
(683, 166, 4, 2, 1000.00, '2025-09-30 18:09:34', '2025-09-30 18:09:34'),
(684, 166, 6, 1, 2000.00, '2025-09-30 18:09:34', '2025-09-30 18:09:34'),
(685, 166, 7, 2, 500.00, '2025-09-30 18:09:34', '2025-09-30 18:09:34'),
(686, 166, 3, 2, 14000.00, '2025-09-30 18:09:34', '2025-09-30 18:09:34'),
(687, 167, 2, 1, 11000.00, '2025-09-30 18:10:16', '2025-09-30 18:10:16'),
(688, 167, 3, 1, 14000.00, '2025-09-30 18:10:16', '2025-09-30 18:10:16'),
(689, 167, 4, 1, 1000.00, '2025-09-30 18:10:16', '2025-09-30 18:10:16'),
(690, 167, 6, 1, 2000.00, '2025-09-30 18:10:16', '2025-09-30 18:10:16'),
(691, 167, 7, 1, 500.00, '2025-09-30 18:10:16', '2025-09-30 18:10:16'),
(692, 167, 8, 1, 15000.00, '2025-09-30 18:10:16', '2025-09-30 18:10:16'),
(693, 167, 9, 1, 14000.00, '2025-09-30 18:10:16', '2025-09-30 18:10:16'),
(694, 167, 10, 1, 6000.00, '2025-09-30 18:10:16', '2025-09-30 18:10:16'),
(695, 167, 11, 1, 10000.00, '2025-09-30 18:10:16', '2025-09-30 18:10:16'),
(696, 168, 12, 1, 2000.00, '2025-09-30 18:10:24', '2025-09-30 18:10:24'),
(697, 168, 11, 1, 10000.00, '2025-09-30 18:10:24', '2025-09-30 18:10:24'),
(698, 168, 4, 1, 1000.00, '2025-09-30 18:10:24', '2025-09-30 18:10:24'),
(699, 169, 10, 1, 6000.00, '2025-09-30 18:10:35', '2025-09-30 18:10:35'),
(700, 169, 9, 1, 14000.00, '2025-09-30 18:10:35', '2025-09-30 18:10:35'),
(701, 169, 2, 2, 11000.00, '2025-09-30 18:10:35', '2025-09-30 18:10:35'),
(702, 170, 4, 1, 1000.00, '2025-09-30 18:10:44', '2025-09-30 18:10:44'),
(703, 170, 6, 1, 2000.00, '2025-09-30 18:10:44', '2025-09-30 18:10:44'),
(704, 170, 3, 2, 14000.00, '2025-09-30 18:10:44', '2025-09-30 18:10:44'),
(705, 170, 10, 2, 6000.00, '2025-09-30 18:10:44', '2025-09-30 18:10:44'),
(706, 170, 12, 1, 2000.00, '2025-09-30 18:10:44', '2025-09-30 18:10:44'),
(707, 171, 2, 1, 11000.00, '2025-09-30 18:10:53', '2025-09-30 18:10:53'),
(708, 171, 3, 1, 14000.00, '2025-09-30 18:10:53', '2025-09-30 18:10:53'),
(709, 171, 7, 1, 500.00, '2025-09-30 18:10:54', '2025-09-30 18:10:54'),
(710, 171, 8, 2, 15000.00, '2025-09-30 18:10:54', '2025-09-30 18:10:54'),
(711, 172, 11, 1, 10000.00, '2025-09-30 18:11:06', '2025-09-30 18:11:06'),
(712, 172, 10, 1, 6000.00, '2025-09-30 18:11:06', '2025-09-30 18:11:06'),
(713, 173, 9, 1, 14000.00, '2025-10-01 06:14:38', '2025-10-01 06:14:38'),
(714, 173, 10, 1, 6000.00, '2025-10-01 06:14:38', '2025-10-01 06:14:38'),
(715, 173, 11, 1, 10000.00, '2025-10-01 06:14:38', '2025-10-01 06:14:38'),
(716, 173, 2, 1, 11000.00, '2025-10-01 06:14:38', '2025-10-01 06:14:38'),
(717, 173, 3, 1, 14000.00, '2025-10-01 06:14:38', '2025-10-01 06:14:38'),
(718, 173, 4, 1, 1000.00, '2025-10-01 06:14:38', '2025-10-01 06:14:38'),
(719, 174, 11, 1, 10000.00, '2025-10-01 06:29:21', '2025-10-01 06:29:21'),
(720, 175, 11, 7, 10000.00, '2025-10-01 06:37:12', '2025-10-01 06:37:12'),
(721, 175, 10, 3, 6000.00, '2025-10-01 06:37:12', '2025-10-01 06:37:12'),
(722, 175, 3, 1, 14000.00, '2025-10-01 06:37:12', '2025-10-01 06:37:12'),
(723, 175, 9, 1, 14000.00, '2025-10-01 06:37:12', '2025-10-01 06:37:12'),
(724, 175, 2, 1, 11000.00, '2025-10-01 06:37:13', '2025-10-01 06:37:13'),
(725, 176, 9, 7, 14000.00, '2025-10-01 06:37:27', '2025-10-01 06:37:27'),
(726, 176, 10, 1, 6000.00, '2025-10-01 06:37:27', '2025-10-01 06:37:27'),
(727, 176, 2, 1, 11000.00, '2025-10-01 06:37:27', '2025-10-01 06:37:27'),
(728, 176, 3, 1, 14000.00, '2025-10-01 06:37:27', '2025-10-01 06:37:27'),
(729, 176, 8, 1, 15000.00, '2025-10-01 06:37:27', '2025-10-01 06:37:27'),
(730, 177, 6, 1, 2000.00, '2025-10-01 06:57:21', '2025-10-01 06:57:21'),
(731, 177, 4, 1, 1000.00, '2025-10-01 06:57:21', '2025-10-01 06:57:21'),
(732, 177, 9, 1, 14000.00, '2025-10-01 06:57:21', '2025-10-01 06:57:21'),
(733, 177, 2, 1, 11000.00, '2025-10-01 06:57:21', '2025-10-01 06:57:21'),
(734, 178, 6, 2, 2000.00, '2025-10-01 07:07:20', '2025-10-01 07:07:20'),
(735, 179, 11, 3, 10000.00, '2025-10-01 07:07:53', '2025-10-01 07:07:53');
INSERT INTO `sale_items` (`id`, `sale_id`, `product_id`, `quantity`, `price`, `created_at`, `updated_at`) VALUES
(736, 180, 6, 1, 2000.00, '2025-10-01 11:29:11', '2025-10-01 11:29:11'),
(737, 180, 12, 1, 2000.00, '2025-10-01 11:29:11', '2025-10-01 11:29:11'),
(738, 180, 10, 1, 6000.00, '2025-10-01 11:29:11', '2025-10-01 11:29:11'),
(739, 181, 2, 1, 11000.00, '2025-10-01 11:29:31', '2025-10-01 11:29:31'),
(740, 181, 9, 2, 14000.00, '2025-10-01 11:29:31', '2025-10-01 11:29:31'),
(741, 181, 8, 1, 15000.00, '2025-10-01 11:29:31', '2025-10-01 11:29:31'),
(742, 181, 10, 1, 6000.00, '2025-10-01 11:29:31', '2025-10-01 11:29:31'),
(743, 181, 3, 1, 14000.00, '2025-10-01 11:29:31', '2025-10-01 11:29:31'),
(744, 181, 7, 1, 500.00, '2025-10-01 11:29:31', '2025-10-01 11:29:31'),
(745, 182, 9, 1, 14000.00, '2025-10-01 11:31:24', '2025-10-01 11:31:24'),
(746, 182, 2, 1, 11000.00, '2025-10-01 11:31:24', '2025-10-01 11:31:24'),
(747, 182, 10, 1, 6000.00, '2025-10-01 11:31:24', '2025-10-01 11:31:24'),
(748, 182, 8, 1, 15000.00, '2025-10-01 11:31:24', '2025-10-01 11:31:24'),
(749, 183, 9, 1, 14000.00, '2025-10-01 11:31:40', '2025-10-01 11:31:40'),
(750, 183, 2, 5, 11000.00, '2025-10-01 11:31:40', '2025-10-01 11:31:40'),
(751, 184, 8, 1, 15000.00, '2025-10-01 13:02:37', '2025-10-01 13:02:37'),
(752, 184, 10, 2, 6000.00, '2025-10-01 13:02:37', '2025-10-01 13:02:37'),
(753, 185, 12, 1, 2000.00, '2025-10-01 13:02:52', '2025-10-01 13:02:52'),
(754, 185, 9, 1, 14000.00, '2025-10-01 13:02:52', '2025-10-01 13:02:52'),
(755, 185, 2, 1, 11000.00, '2025-10-01 13:02:52', '2025-10-01 13:02:52'),
(756, 186, 11, 1, 10000.00, '2025-10-01 13:21:11', '2025-10-01 13:21:11'),
(757, 186, 7, 1, 500.00, '2025-10-01 13:21:11', '2025-10-01 13:21:11'),
(758, 186, 3, 1, 14000.00, '2025-10-01 13:21:11', '2025-10-01 13:21:11'),
(759, 187, 10, 1, 6000.00, '2025-10-01 13:42:53', '2025-10-01 13:42:53'),
(760, 187, 7, 1, 500.00, '2025-10-01 13:42:53', '2025-10-01 13:42:53'),
(761, 188, 9, 1, 14000.00, '2025-10-01 13:44:37', '2025-10-01 13:44:37'),
(762, 188, 2, 1, 11000.00, '2025-10-01 13:44:37', '2025-10-01 13:44:37'),
(763, 188, 10, 1, 6000.00, '2025-10-01 13:44:37', '2025-10-01 13:44:37'),
(764, 188, 7, 1, 500.00, '2025-10-01 13:44:37', '2025-10-01 13:44:37'),
(765, 189, 2, 1, 11000.00, '2025-10-01 14:22:10', '2025-10-01 14:22:10'),
(766, 189, 9, 1, 14000.00, '2025-10-01 14:22:10', '2025-10-01 14:22:10'),
(767, 189, 10, 1, 6000.00, '2025-10-01 14:22:10', '2025-10-01 14:22:10'),
(768, 189, 3, 1, 14000.00, '2025-10-01 14:22:10', '2025-10-01 14:22:10'),
(769, 189, 7, 1, 500.00, '2025-10-01 14:22:10', '2025-10-01 14:22:10'),
(770, 190, 4, 1, 1000.00, '2025-10-01 14:31:39', '2025-10-01 14:31:39'),
(771, 190, 6, 1, 2000.00, '2025-10-01 14:31:39', '2025-10-01 14:31:39'),
(772, 190, 10, 1, 6000.00, '2025-10-01 14:31:39', '2025-10-01 14:31:39'),
(773, 190, 8, 1, 15000.00, '2025-10-01 14:31:39', '2025-10-01 14:31:39'),
(774, 191, 11, 1, 10000.00, '2025-10-02 06:08:08', '2025-10-02 06:08:08'),
(775, 191, 12, 1, 2000.00, '2025-10-02 06:08:09', '2025-10-02 06:08:09'),
(776, 191, 6, 1, 2000.00, '2025-10-02 06:08:09', '2025-10-02 06:08:09'),
(777, 192, 12, 1, 2000.00, '2025-10-02 06:20:40', '2025-10-02 06:20:40'),
(778, 193, 6, 1, 2000.00, '2025-10-02 06:28:51', '2025-10-02 06:28:51'),
(779, 193, 12, 1, 2000.00, '2025-10-02 06:28:51', '2025-10-02 06:28:51'),
(780, 194, 6, 1, 2000.00, '2025-10-02 06:30:51', '2025-10-02 06:30:51'),
(781, 194, 4, 1, 1000.00, '2025-10-02 06:30:51', '2025-10-02 06:30:51'),
(782, 195, 4, 1, 1000.00, '2025-10-02 06:41:34', '2025-10-02 06:41:34'),
(783, 195, 11, 1, 10000.00, '2025-10-02 06:41:34', '2025-10-02 06:41:34'),
(784, 195, 12, 1, 2000.00, '2025-10-02 06:41:34', '2025-10-02 06:41:34'),
(785, 196, 6, 1, 2000.00, '2025-10-02 06:56:27', '2025-10-02 06:56:27'),
(786, 196, 12, 1, 2000.00, '2025-10-02 06:56:27', '2025-10-02 06:56:27'),
(787, 196, 11, 1, 10000.00, '2025-10-02 06:56:27', '2025-10-02 06:56:27'),
(788, 197, 6, 1, 2000.00, '2025-10-02 07:04:50', '2025-10-02 07:04:50'),
(789, 197, 3, 1, 14000.00, '2025-10-02 07:04:50', '2025-10-02 07:04:50'),
(790, 197, 10, 1, 6000.00, '2025-10-02 07:04:50', '2025-10-02 07:04:50'),
(791, 198, 6, 1, 2000.00, '2025-10-02 07:12:19', '2025-10-02 07:12:19'),
(792, 198, 12, 1, 2000.00, '2025-10-02 07:12:19', '2025-10-02 07:12:19'),
(793, 199, 2, 3, 11000.00, '2025-10-02 07:33:10', '2025-10-02 07:33:10'),
(794, 200, 2, 1, 11000.00, '2025-10-02 10:43:35', '2025-10-02 10:43:35'),
(795, 200, 9, 1, 14000.00, '2025-10-02 10:43:35', '2025-10-02 10:43:35'),
(796, 201, 12, 1, 2000.00, '2025-10-02 10:45:08', '2025-10-02 10:45:08'),
(797, 201, 6, 1, 2000.00, '2025-10-02 10:45:08', '2025-10-02 10:45:08'),
(798, 202, 7, 1, 500.00, '2025-10-02 12:37:52', '2025-10-02 12:37:52'),
(799, 202, 3, 1, 14000.00, '2025-10-02 12:37:52', '2025-10-02 12:37:52'),
(800, 203, 7, 1, 500.00, '2025-10-02 12:56:44', '2025-10-02 12:56:44'),
(801, 203, 3, 1, 14000.00, '2025-10-02 12:56:44', '2025-10-02 12:56:44'),
(802, 204, 2, 1, 11000.00, '2025-10-02 12:57:15', '2025-10-02 12:57:15'),
(803, 204, 9, 1, 14000.00, '2025-10-02 12:57:15', '2025-10-02 12:57:15'),
(804, 204, 10, 1, 6000.00, '2025-10-02 12:57:15', '2025-10-02 12:57:15'),
(805, 205, 2, 1, 11000.00, '2025-10-02 12:57:56', '2025-10-02 12:57:56'),
(806, 205, 8, 1, 15000.00, '2025-10-02 12:57:56', '2025-10-02 12:57:56'),
(807, 206, 4, 1, 1000.00, '2025-10-02 12:59:54', '2025-10-02 12:59:54'),
(808, 206, 6, 1, 2000.00, '2025-10-02 12:59:54', '2025-10-02 12:59:54'),
(809, 207, 7, 1, 500.00, '2025-10-02 13:01:17', '2025-10-02 13:01:17'),
(810, 207, 3, 1, 14000.00, '2025-10-02 13:01:17', '2025-10-02 13:01:17'),
(811, 207, 12, 1, 2000.00, '2025-10-02 13:01:17', '2025-10-02 13:01:17'),
(812, 207, 11, 1, 10000.00, '2025-10-02 13:01:17', '2025-10-02 13:01:17'),
(813, 208, 12, 1, 2000.00, '2025-10-02 14:41:27', '2025-10-02 14:41:27'),
(814, 208, 11, 1, 10000.00, '2025-10-02 14:41:27', '2025-10-02 14:41:27'),
(815, 208, 2, 1, 11000.00, '2025-10-02 14:41:27', '2025-10-02 14:41:27'),
(816, 209, 7, 1, 500.00, '2025-10-02 14:55:21', '2025-10-02 14:55:21'),
(817, 209, 3, 1, 14000.00, '2025-10-02 14:55:21', '2025-10-02 14:55:21'),
(818, 209, 11, 5, 10000.00, '2025-10-02 14:55:21', '2025-10-02 14:55:21'),
(819, 209, 10, 1, 6000.00, '2025-10-02 14:55:21', '2025-10-02 14:55:21'),
(820, 209, 9, 1, 14000.00, '2025-10-02 14:55:21', '2025-10-02 14:55:21'),
(821, 209, 2, 1, 11000.00, '2025-10-02 14:55:21', '2025-10-02 14:55:21'),
(822, 209, 6, 1, 2000.00, '2025-10-02 14:55:21', '2025-10-02 14:55:21'),
(823, 209, 12, 1, 2000.00, '2025-10-02 14:55:21', '2025-10-02 14:55:21'),
(824, 209, 4, 1, 1000.00, '2025-10-02 14:55:21', '2025-10-02 14:55:21'),
(825, 210, 7, 1, 500.00, '2025-10-02 15:15:51', '2025-10-02 15:15:51'),
(826, 210, 10, 1, 6000.00, '2025-10-02 15:15:51', '2025-10-02 15:15:51'),
(827, 210, 8, 1, 15000.00, '2025-10-02 15:15:51', '2025-10-02 15:15:51'),
(828, 210, 9, 1, 14000.00, '2025-10-02 15:15:51', '2025-10-02 15:15:51'),
(829, 211, 11, 1, 10000.00, '2025-10-02 19:41:46', '2025-10-02 19:41:46'),
(830, 211, 7, 1, 500.00, '2025-10-02 19:41:46', '2025-10-02 19:41:46'),
(831, 211, 12, 1, 2000.00, '2025-10-02 19:41:46', '2025-10-02 19:41:46'),
(832, 212, 11, 2, 10000.00, '2025-10-02 19:42:33', '2025-10-02 19:42:33'),
(833, 212, 12, 1, 2000.00, '2025-10-02 19:42:33', '2025-10-02 19:42:33'),
(834, 213, 6, 1, 2000.00, '2025-10-03 04:07:15', '2025-10-03 04:07:15'),
(835, 213, 12, 1, 2000.00, '2025-10-03 04:07:15', '2025-10-03 04:07:15'),
(836, 213, 11, 1, 10000.00, '2025-10-03 04:07:15', '2025-10-03 04:07:15'),
(837, 214, 4, 1, 1000.00, '2025-10-03 04:48:28', '2025-10-03 04:48:28'),
(838, 214, 6, 2, 2000.00, '2025-10-03 04:48:28', '2025-10-03 04:48:28'),
(839, 214, 12, 1, 2000.00, '2025-10-03 04:48:28', '2025-10-03 04:48:28'),
(840, 214, 11, 1, 10000.00, '2025-10-03 04:48:28', '2025-10-03 04:48:28'),
(841, 214, 7, 1, 500.00, '2025-10-03 04:48:28', '2025-10-03 04:48:28'),
(842, 215, 9, 1, 14000.00, '2025-10-03 04:53:03', '2025-10-03 04:53:03'),
(843, 215, 2, 2, 11000.00, '2025-10-03 04:53:03', '2025-10-03 04:53:03'),
(844, 215, 12, 3, 2000.00, '2025-10-03 04:53:03', '2025-10-03 04:53:03'),
(845, 216, 6, 1, 2000.00, '2025-10-03 07:28:24', '2025-10-03 07:28:24'),
(846, 216, 12, 1, 2000.00, '2025-10-03 07:28:24', '2025-10-03 07:28:24'),
(847, 217, 4, 1, 1000.00, '2025-10-03 07:28:37', '2025-10-03 07:28:37'),
(848, 217, 2, 2, 11000.00, '2025-10-03 07:28:37', '2025-10-03 07:28:37'),
(849, 218, 11, 1, 10000.00, '2025-10-03 09:04:03', '2025-10-03 09:04:03'),
(850, 218, 7, 1, 500.00, '2025-10-03 09:04:03', '2025-10-03 09:04:03'),
(851, 218, 3, 1, 14000.00, '2025-10-03 09:04:03', '2025-10-03 09:04:03'),
(852, 218, 12, 1, 2000.00, '2025-10-03 09:04:03', '2025-10-03 09:04:03'),
(853, 219, 12, 1, 2000.00, '2025-10-03 09:04:14', '2025-10-03 09:04:14'),
(854, 219, 10, 2, 6000.00, '2025-10-03 09:04:14', '2025-10-03 09:04:14'),
(855, 219, 8, 1, 15000.00, '2025-10-03 09:04:14', '2025-10-03 09:04:14'),
(856, 220, 13, 1, 3000.00, '2025-10-03 17:39:07', '2025-10-03 17:39:07'),
(857, 220, 3, 1, 14000.00, '2025-10-03 17:39:07', '2025-10-03 17:39:07'),
(858, 220, 7, 1, 500.00, '2025-10-03 17:39:07', '2025-10-03 17:39:07'),
(859, 220, 6, 1, 2000.00, '2025-10-03 17:39:07', '2025-10-03 17:39:07'),
(860, 221, 10, 1, 6000.00, '2025-10-03 17:39:20', '2025-10-03 17:39:20'),
(861, 221, 8, 1, 15000.00, '2025-10-03 17:39:20', '2025-10-03 17:39:20'),
(862, 221, 2, 1, 11000.00, '2025-10-03 17:39:20', '2025-10-03 17:39:20'),
(863, 221, 9, 1, 14000.00, '2025-10-03 17:39:20', '2025-10-03 17:39:20'),
(864, 222, 4, 1, 1000.00, '2025-10-03 17:39:34', '2025-10-03 17:39:34'),
(865, 222, 6, 1, 2000.00, '2025-10-03 17:39:35', '2025-10-03 17:39:35'),
(866, 222, 12, 2, 2000.00, '2025-10-03 17:39:35', '2025-10-03 17:39:35'),
(867, 222, 11, 1, 10000.00, '2025-10-03 17:39:35', '2025-10-03 17:39:35'),
(868, 223, 4, 1, 1000.00, '2025-10-04 04:40:57', '2025-10-04 04:40:57'),
(869, 223, 6, 2, 2000.00, '2025-10-04 04:40:58', '2025-10-04 04:40:58'),
(870, 224, 11, 1, 10000.00, '2025-10-04 04:41:11', '2025-10-04 04:41:11'),
(871, 224, 7, 2, 500.00, '2025-10-04 04:41:11', '2025-10-04 04:41:11'),
(872, 224, 3, 1, 14000.00, '2025-10-04 04:41:11', '2025-10-04 04:41:11'),
(873, 225, 3, 1, 14000.00, '2025-10-04 04:41:23', '2025-10-04 04:41:23'),
(874, 225, 13, 1, 3000.00, '2025-10-04 04:41:24', '2025-10-04 04:41:24'),
(875, 225, 8, 1, 15000.00, '2025-10-04 04:41:24', '2025-10-04 04:41:24'),
(876, 226, 8, 2, 15000.00, '2025-10-04 04:41:34', '2025-10-04 04:41:34'),
(877, 226, 10, 1, 6000.00, '2025-10-04 04:41:34', '2025-10-04 04:41:34'),
(878, 226, 2, 1, 11000.00, '2025-10-04 04:41:34', '2025-10-04 04:41:34'),
(879, 227, 9, 1, 14000.00, '2025-10-04 04:41:50', '2025-10-04 04:41:50'),
(880, 227, 2, 1, 11000.00, '2025-10-04 04:41:50', '2025-10-04 04:41:50'),
(881, 227, 10, 1, 6000.00, '2025-10-04 04:41:50', '2025-10-04 04:41:50'),
(882, 228, 4, 1, 1000.00, '2025-10-04 06:02:25', '2025-10-04 06:02:25'),
(883, 228, 6, 1, 2000.00, '2025-10-04 06:02:25', '2025-10-04 06:02:25'),
(884, 228, 12, 1, 2000.00, '2025-10-04 06:02:25', '2025-10-04 06:02:25'),
(885, 229, 3, 3, 14000.00, '2025-10-04 06:06:13', '2025-10-04 06:06:13'),
(886, 229, 13, 1, 3000.00, '2025-10-04 06:06:13', '2025-10-04 06:06:13'),
(887, 229, 10, 1, 6000.00, '2025-10-04 06:06:13', '2025-10-04 06:06:13'),
(888, 230, 10, 1, 6000.00, '2025-10-04 16:03:24', '2025-10-04 16:03:24'),
(889, 230, 8, 1, 15000.00, '2025-10-04 16:03:24', '2025-10-04 16:03:24'),
(890, 230, 2, 1, 11000.00, '2025-10-04 16:03:24', '2025-10-04 16:03:24'),
(891, 231, 11, 1, 10000.00, '2025-10-04 16:03:56', '2025-10-04 16:03:56'),
(892, 231, 7, 1, 500.00, '2025-10-04 16:03:56', '2025-10-04 16:03:56'),
(893, 231, 3, 1, 14000.00, '2025-10-04 16:03:56', '2025-10-04 16:03:56'),
(894, 231, 12, 1, 2000.00, '2025-10-04 16:03:56', '2025-10-04 16:03:56'),
(895, 231, 6, 1, 2000.00, '2025-10-04 16:03:56', '2025-10-04 16:03:56'),
(896, 231, 8, 1, 15000.00, '2025-10-04 16:03:56', '2025-10-04 16:03:56'),
(897, 232, 4, 1, 1000.00, '2025-10-05 17:22:56', '2025-10-05 17:22:56'),
(898, 232, 6, 1, 2000.00, '2025-10-05 17:22:56', '2025-10-05 17:22:56'),
(899, 233, 7, 1, 500.00, '2025-10-05 17:23:02', '2025-10-05 17:23:02'),
(900, 233, 12, 1, 2000.00, '2025-10-05 17:23:02', '2025-10-05 17:23:02'),
(901, 233, 6, 1, 2000.00, '2025-10-05 17:23:02', '2025-10-05 17:23:02'),
(902, 234, 7, 1, 500.00, '2025-10-05 17:23:12', '2025-10-05 17:23:12'),
(903, 234, 11, 1, 10000.00, '2025-10-05 17:23:12', '2025-10-05 17:23:12'),
(904, 235, 12, 1, 2000.00, '2025-10-05 17:23:22', '2025-10-05 17:23:22'),
(905, 235, 11, 1, 10000.00, '2025-10-05 17:23:22', '2025-10-05 17:23:22'),
(906, 235, 4, 2, 1000.00, '2025-10-05 17:23:22', '2025-10-05 17:23:22'),
(907, 236, 9, 1, 14000.00, '2025-10-05 17:23:34', '2025-10-05 17:23:34'),
(908, 236, 2, 1, 11000.00, '2025-10-05 17:23:34', '2025-10-05 17:23:34'),
(909, 236, 7, 2, 500.00, '2025-10-05 17:23:34', '2025-10-05 17:23:34'),
(910, 236, 3, 1, 14000.00, '2025-10-05 17:23:34', '2025-10-05 17:23:34'),
(911, 237, 9, 1, 14000.00, '2025-10-05 17:23:41', '2025-10-05 17:23:41'),
(912, 237, 10, 1, 6000.00, '2025-10-05 17:23:41', '2025-10-05 17:23:41'),
(913, 237, 8, 1, 15000.00, '2025-10-05 17:23:41', '2025-10-05 17:23:41'),
(914, 237, 13, 1, 3000.00, '2025-10-05 17:23:42', '2025-10-05 17:23:42'),
(915, 238, 10, 1, 6000.00, '2025-10-06 05:15:15', '2025-10-06 05:15:15'),
(916, 238, 2, 1, 11000.00, '2025-10-06 05:15:15', '2025-10-06 05:15:15'),
(917, 238, 9, 1, 14000.00, '2025-10-06 05:15:15', '2025-10-06 05:15:15'),
(918, 239, 4, 2, 1000.00, '2025-10-06 05:15:26', '2025-10-06 05:15:26'),
(919, 239, 6, 1, 2000.00, '2025-10-06 05:15:26', '2025-10-06 05:15:26'),
(920, 240, 6, 1, 2000.00, '2025-10-06 05:15:38', '2025-10-06 05:15:38'),
(921, 240, 12, 1, 2000.00, '2025-10-06 05:15:38', '2025-10-06 05:15:38'),
(922, 240, 11, 1, 10000.00, '2025-10-06 05:15:38', '2025-10-06 05:15:38'),
(923, 241, 3, 3, 14000.00, '2025-10-06 05:15:46', '2025-10-06 05:15:46'),
(924, 242, 10, 3, 6000.00, '2025-10-06 05:15:55', '2025-10-06 05:15:55'),
(925, 243, 4, 2, 1000.00, '2025-10-06 05:16:05', '2025-10-06 05:16:05'),
(926, 244, 12, 1, 2000.00, '2025-10-06 06:09:54', '2025-10-06 06:09:54'),
(927, 244, 6, 1, 2000.00, '2025-10-06 06:09:54', '2025-10-06 06:09:54'),
(928, 245, 6, 3, 2000.00, '2025-10-06 06:10:08', '2025-10-06 06:10:08');

-- --------------------------------------------------------

--
-- Table structure for table `stocktakings`
--

CREATE TABLE IF NOT EXISTS `stocktakings` (
  `id` int(10) UNSIGNED NOT NULL AUTO_INCREMENT,
  `product_id` int(10) UNSIGNED NOT NULL,
  `date` date NOT NULL,
  `opening_stock` int(11) NOT NULL DEFAULT 0,
  `additional_stock` int(11) NOT NULL DEFAULT 0,
  `buying_price` decimal(10,2) NOT NULL DEFAULT 0.00,
  `selling_price` decimal(10,2) NOT NULL DEFAULT 0.00,
  `sold_quantity` int(11) NOT NULL DEFAULT 0,
  `created_by` bigint(20) UNSIGNED NOT NULL,
  `created_at` timestamp NULL DEFAULT NULL,
  `updated_at` timestamp NULL DEFAULT NULL,
  PRIMARY KEY (`id`),
  UNIQUE KEY `stocktakings_product_id_date_unique` (`product_id`,`date`),
  KEY `stocktakings_date_index` (`date`),
  KEY `stocktakings_product_id_index` (`product_id`),
  KEY `stocktakings_created_by_index` (`created_by`)
) ENGINE=InnoDB AUTO_INCREMENT=59 DEFAULT CHARSET=utf8mb4 COLLATE=utf8mb4_unicode_ci;

--
-- RELATIONSHIPS FOR TABLE `stocktakings`:
--   `product_id`
--       `products` -> `id`
--   `created_by`
--       `users` -> `id`
--

--
-- Dumping data for table `stocktakings`
--

INSERT INTO `stocktakings` (`id`, `product_id`, `date`, `opening_stock`, `additional_stock`, `buying_price`, `selling_price`, `sold_quantity`, `created_by`, `created_at`, `updated_at`) VALUES
(2, 2, '2025-09-30', 50, 0, 7000.00, 11000.00, 0, 1, '2025-09-30 03:48:05', '2025-09-30 04:22:27'),
(3, 3, '2025-09-30', 30, 0, 10000.00, 14000.00, 0, 1, '2025-09-30 03:48:05', '2025-09-30 04:22:28'),
(4, 4, '2025-09-30', 70, 0, 600.00, 1000.00, 0, 1, '2025-09-30 03:48:05', '2025-09-30 04:22:28'),
(5, 6, '2025-09-30', 68, 0, 1000.00, 2000.00, 0, 1, '2025-09-30 03:48:05', '2025-09-30 04:22:28'),
(6, 7, '2025-09-30', 50, 0, 300.00, 500.00, 0, 1, '2025-09-30 03:48:05', '2025-09-30 04:22:28'),
(7, 8, '2025-09-30', 20, 0, 8000.00, 15000.00, 0, 1, '2025-09-30 03:48:05', '2025-09-30 04:22:29'),
(8, 9, '2025-09-30', 37, 0, 10000.00, 14000.00, 0, 1, '2025-09-30 03:48:05', '2025-09-30 04:22:29'),
(9, 10, '2025-09-30', 25, 0, 4000.00, 6000.00, 0, 1, '2025-09-30 03:48:05', '2025-09-30 04:22:29'),
(10, 11, '2025-09-30', 34, 0, 7000.00, 10000.00, 0, 1, '2025-09-30 03:48:05', '2025-09-30 04:22:29'),
(11, 12, '2025-09-30', 50, 0, 1000.00, 2000.00, 0, 1, '2025-09-30 03:48:05', '2025-09-30 04:22:30'),
(17, 2, '2025-10-01', 15, 0, 7000.00, 11000.00, 0, 1, '2025-10-01 07:10:45', '2025-10-01 07:12:33'),
(18, 3, '2025-10-01', 4, 0, 10000.00, 14000.00, 0, 1, '2025-10-01 07:10:45', '2025-10-01 07:12:33'),
(19, 4, '2025-10-01', 0, 0, 600.00, 1000.00, 0, 1, '2025-10-01 07:10:45', '2025-10-01 07:10:45'),
(20, 6, '2025-10-01', 0, 0, 1000.00, 2000.00, 0, 1, '2025-10-01 07:10:45', '2025-10-01 07:10:45'),
(21, 7, '2025-10-01', 0, 0, 300.00, 500.00, 0, 1, '2025-10-01 07:10:45', '2025-10-01 07:10:45'),
(22, 8, '2025-10-01', 0, 0, 8000.00, 15000.00, 0, 1, '2025-10-01 07:10:45', '2025-10-01 07:10:45'),
(23, 9, '2025-10-01', 0, 0, 10000.00, 14000.00, 0, 1, '2025-10-01 07:10:45', '2025-10-01 07:10:45'),
(24, 10, '2025-10-01', 0, 0, 4000.00, 6000.00, 0, 1, '2025-10-01 07:10:45', '2025-10-01 07:10:45'),
(25, 11, '2025-10-01', 0, 0, 7000.00, 10000.00, 0, 1, '2025-10-01 07:10:45', '2025-10-01 07:10:45'),
(26, 12, '2025-10-01', 0, 0, 1000.00, 2000.00, 0, 1, '2025-10-01 07:10:45', '2025-10-01 07:10:45'),
(27, 2, '2025-10-02', 0, 0, 7000.00, 11000.00, 0, 1, '2025-10-02 06:21:14', '2025-10-02 06:21:14'),
(28, 3, '2025-10-02', 0, 0, 10000.00, 14000.00, 0, 1, '2025-10-02 06:21:14', '2025-10-02 06:21:14'),
(29, 4, '2025-10-02', 0, 0, 600.00, 1000.00, 0, 1, '2025-10-02 06:21:14', '2025-10-02 06:21:14'),
(30, 6, '2025-10-02', 0, 0, 1000.00, 2000.00, 0, 1, '2025-10-02 06:21:14', '2025-10-02 06:21:14'),
(31, 7, '2025-10-02', 0, 0, 300.00, 500.00, 0, 1, '2025-10-02 06:21:14', '2025-10-02 06:21:14'),
(32, 8, '2025-10-02', 0, 0, 8000.00, 15000.00, 0, 1, '2025-10-02 06:21:14', '2025-10-02 06:21:14'),
(33, 9, '2025-10-02', 0, 0, 10000.00, 14000.00, 0, 1, '2025-10-02 06:21:14', '2025-10-02 06:21:14'),
(34, 10, '2025-10-02', 0, 0, 4000.00, 6000.00, 0, 1, '2025-10-02 06:21:14', '2025-10-02 06:21:14'),
(35, 11, '2025-10-02', 0, 0, 7000.00, 10000.00, 0, 1, '2025-10-02 06:21:14', '2025-10-02 06:21:14'),
(36, 12, '2025-10-02', 0, 0, 1000.00, 2000.00, 0, 1, '2025-10-02 06:21:14', '2025-10-02 06:21:14'),
(37, 2, '2025-10-03', 0, 0, 7000.00, 11000.00, 0, 1, '2025-10-03 07:29:14', '2025-10-03 07:29:14'),
(38, 3, '2025-10-03', 0, 0, 10000.00, 14000.00, 0, 1, '2025-10-03 07:29:14', '2025-10-03 07:29:14'),
(39, 4, '2025-10-03', 0, 0, 600.00, 1000.00, 0, 1, '2025-10-03 07:29:15', '2025-10-03 07:29:15'),
(40, 6, '2025-10-03', 0, 0, 1000.00, 2000.00, 0, 1, '2025-10-03 07:29:15', '2025-10-03 07:29:15'),
(41, 7, '2025-10-03', 0, 0, 300.00, 500.00, 0, 1, '2025-10-03 07:29:15', '2025-10-03 07:29:15'),
(42, 8, '2025-10-03', 0, 0, 8000.00, 15000.00, 0, 1, '2025-10-03 07:29:15', '2025-10-03 07:29:15'),
(43, 9, '2025-10-03', 0, 0, 10000.00, 14000.00, 0, 1, '2025-10-03 07:29:15', '2025-10-03 07:29:15'),
(44, 10, '2025-10-03', 0, 0, 4000.00, 6000.00, 0, 1, '2025-10-03 07:29:15', '2025-10-03 07:29:15'),
(45, 11, '2025-10-03', 0, 0, 7000.00, 10000.00, 0, 1, '2025-10-03 07:29:15', '2025-10-03 07:29:15'),
(46, 12, '2025-10-03', 0, 0, 1000.00, 2000.00, 0, 1, '2025-10-03 07:29:15', '2025-10-03 07:29:15'),
(47, 13, '2025-10-03', 0, 0, 1000.00, 3000.00, 0, 1, '2025-10-03 16:46:12', '2025-10-03 16:46:12'),
(48, 2, '2025-10-04', 0, 0, 7000.00, 11000.00, 0, 2, '2025-10-04 05:31:02', '2025-10-04 05:31:02'),
(49, 3, '2025-10-04', 0, 0, 10000.00, 14000.00, 0, 2, '2025-10-04 05:31:02', '2025-10-04 05:31:02'),
(50, 4, '2025-10-04', 12, 0, 600.00, 1000.00, 0, 2, '2025-10-04 05:31:03', '2025-10-04 05:32:51'),
(51, 6, '2025-10-04', 0, 0, 1000.00, 2000.00, 0, 2, '2025-10-04 05:31:03', '2025-10-04 05:31:03'),
(52, 7, '2025-10-04', 0, 0, 300.00, 500.00, 0, 2, '2025-10-04 05:31:03', '2025-10-04 05:31:03'),
(53, 8, '2025-10-04', 0, 0, 8000.00, 15000.00, 0, 2, '2025-10-04 05:31:03', '2025-10-04 05:31:03'),
(54, 9, '2025-10-04', 0, 0, 10000.00, 14000.00, 0, 2, '2025-10-04 05:31:03', '2025-10-04 05:31:03'),
(55, 10, '2025-10-04', 0, 0, 4000.00, 6000.00, 0, 2, '2025-10-04 05:31:03', '2025-10-04 05:31:03'),
(56, 11, '2025-10-04', 0, 0, 7000.00, 10000.00, 0, 2, '2025-10-04 05:31:03', '2025-10-04 05:31:03'),
(57, 12, '2025-10-04', 0, 0, 1000.00, 2000.00, 0, 2, '2025-10-04 05:31:03', '2025-10-04 05:31:03'),
(58, 13, '2025-10-04', 0, 0, 1000.00, 3000.00, 0, 2, '2025-10-04 05:31:03', '2025-10-04 05:31:03');

--
-- Constraints for dumped tables
--

--
-- Constraints for table `sales`
--
ALTER TABLE `sales`
  ADD CONSTRAINT `fk_sales_cashier` FOREIGN KEY (`cashier_id`) REFERENCES `users` (`id`) ON DELETE SET NULL,
  ADD CONSTRAINT `fk_sales_waiter` FOREIGN KEY (`waiter_id`) REFERENCES `users` (`id`) ON DELETE CASCADE;

--
-- Constraints for table `sale_items`
--
ALTER TABLE `sale_items`
  ADD CONSTRAINT `fk_sale_items_product` FOREIGN KEY (`product_id`) REFERENCES `products` (`id`) ON DELETE CASCADE,
  ADD CONSTRAINT `fk_sale_items_sale` FOREIGN KEY (`sale_id`) REFERENCES `sales` (`id`) ON DELETE CASCADE;

--
-- Constraints for table `stocktakings`
--
ALTER TABLE `stocktakings`
  ADD CONSTRAINT `stocktakings_ibfk_1` FOREIGN KEY (`product_id`) REFERENCES `products` (`id`) ON DELETE CASCADE,
  ADD CONSTRAINT `stocktakings_ibfk_2` FOREIGN KEY (`created_by`) REFERENCES `users` (`id`);
COMMIT;

